Last updated on 2025-02-21 02:52:08 CET.
Flavor | Version | Tinstall | Tcheck | Ttotal | Status | Flags |
---|---|---|---|---|---|---|
r-devel-linux-x86_64-debian-clang | 0.2.3 | 2.16 | 33.12 | 35.28 | OK | |
r-devel-linux-x86_64-debian-gcc | 0.2.3 | 1.58 | 24.80 | 26.38 | OK | |
r-devel-linux-x86_64-fedora-clang | 0.2.3 | 56.90 | NOTE | |||
r-devel-linux-x86_64-fedora-gcc | 0.2.3 | 68.76 | NOTE | |||
r-devel-macos-arm64 | 0.2.3 | 60.00 | OK | |||
r-devel-macos-x86_64 | 0.2.3 | 102.00 | OK | |||
r-devel-windows-x86_64 | 0.2.3 | 4.00 | 633.00 | 637.00 | OK | |
r-patched-linux-x86_64 | 0.2.3 | 2.40 | 31.50 | 33.90 | OK | |
r-release-linux-x86_64 | 0.2.3 | 1.62 | 31.65 | 33.27 | OK | |
r-release-macos-arm64 | 0.2.3 | 58.00 | OK | |||
r-release-macos-x86_64 | 0.2.3 | 72.00 | OK | |||
r-release-windows-x86_64 | 0.2.3 | 5.00 | 673.00 | 678.00 | OK | |
r-oldrel-macos-arm64 | 0.2.3 | 71.00 | OK | |||
r-oldrel-macos-x86_64 | 0.2.3 | 65.00 | OK | |||
r-oldrel-windows-x86_64 | 0.2.3 | 5.00 | 358.00 | 363.00 | OK |
Version: 0.2.3
Check: dependencies in R code
Result: NOTE
Namespace in Imports field not imported from: ‘dbplyr’
All declared Imports should be used.
Flavors: r-devel-linux-x86_64-fedora-clang, r-devel-linux-x86_64-fedora-gcc