CRAN Package Check Results for Package chisq.posthoc.test

Last updated on 2025-02-21 02:52:08 CET.

Flavor Version Tinstall Tcheck Ttotal Status Flags
r-devel-linux-x86_64-debian-clang 0.1.2 1.62 19.65 21.27 OK
r-devel-linux-x86_64-debian-gcc 0.1.2 1.33 16.01 17.34 OK
r-devel-linux-x86_64-fedora-clang 0.1.2 35.31 OK
r-devel-linux-x86_64-fedora-gcc 0.1.2 48.90 OK
r-devel-macos-arm64 0.1.2 22.00 OK
r-devel-macos-x86_64 0.1.2 41.00 OK
r-devel-windows-x86_64 0.1.2 2.00 41.00 43.00 OK
r-patched-linux-x86_64 0.1.2 1.49 18.93 20.42 NOTE
r-release-linux-x86_64 0.1.2 1.48 18.70 20.18 NOTE
r-release-macos-arm64 0.1.2 27.00 NOTE
r-release-macos-x86_64 0.1.2 33.00 NOTE
r-release-windows-x86_64 0.1.2 3.00 40.00 43.00 NOTE
r-oldrel-macos-arm64 0.1.2 20.00 NOTE
r-oldrel-macos-x86_64 0.1.2 32.00 NOTE
r-oldrel-windows-x86_64 0.1.2 4.00 49.00 53.00 NOTE

Check Details

Version: 0.1.2
Check: LazyData
Result: NOTE 'LazyData' is specified without a 'data' directory Flavors: r-patched-linux-x86_64, r-release-linux-x86_64, r-release-macos-arm64, r-release-macos-x86_64, r-release-windows-x86_64, r-oldrel-macos-arm64, r-oldrel-macos-x86_64, r-oldrel-windows-x86_64