Last updated on 2025-05-16 14:49:52 CEST.
Flavor | Version | Tinstall | Tcheck | Ttotal | Status | Flags |
---|---|---|---|---|---|---|
r-devel-linux-x86_64-debian-clang | 0.2.2 | 10.32 | 24.36 | 34.68 | NOTE | |
r-devel-linux-x86_64-debian-gcc | 0.2.2 | 7.91 | 19.28 | 27.19 | NOTE | |
r-devel-linux-x86_64-fedora-clang | 0.2.2 | 61.26 | OK | |||
r-devel-linux-x86_64-fedora-gcc | 0.2.2 | 60.46 | OK | |||
r-devel-windows-x86_64 | 0.2.2 | 13.00 | 58.00 | 71.00 | OK | |
r-patched-linux-x86_64 | 0.2.2 | 10.92 | 23.16 | 34.08 | OK | |
r-release-linux-x86_64 | 0.2.2 | 10.98 | 23.15 | 34.13 | OK | |
r-release-macos-arm64 | 0.2.2 | 22.00 | OK | |||
r-release-macos-x86_64 | 0.2.2 | 37.00 | OK | |||
r-release-windows-x86_64 | 0.2.2 | 13.00 | 61.00 | 74.00 | OK | |
r-oldrel-macos-arm64 | 0.2.2 | 27.00 | OK | |||
r-oldrel-macos-x86_64 | 0.2.2 | 33.00 | OK | |||
r-oldrel-windows-x86_64 | 0.2.2 | 13.00 | 70.00 | 83.00 | OK |
Version: 0.2.2
Check: CRAN incoming feasibility
Result: NOTE
Maintainer: ‘Axel Gandy <a.gandy@imperial.ac.uk>’
No Authors@R field in DESCRIPTION.
Please add one, modifying
Authors@R: c(person(given = "Axel",
family = "Gandy",
role = c("aut", "cre"),
email = "a.gandy@imperial.ac.uk"),
person(given = c("F.", "Din-Houn"),
family = "Lau",
role = "aut"))
as necessary.
Flavors: r-devel-linux-x86_64-debian-clang, r-devel-linux-x86_64-debian-gcc