Last updated on 2025-02-21 02:52:08 CET.
Flavor | Version | Tinstall | Tcheck | Ttotal | Status | Flags |
---|---|---|---|---|---|---|
r-devel-linux-x86_64-debian-clang | 1.1 | 10.82 | 181.09 | 191.91 | NOTE | |
r-devel-linux-x86_64-debian-gcc | 1.1 | 8.42 | 124.62 | 133.04 | NOTE | |
r-devel-linux-x86_64-fedora-clang | 1.1 | 303.45 | NOTE | |||
r-devel-linux-x86_64-fedora-gcc | 1.1 | 307.41 | NOTE | |||
r-devel-macos-arm64 | 1.1 | 87.00 | OK | |||
r-devel-macos-x86_64 | 1.1 | 180.00 | NOTE | |||
r-devel-windows-x86_64 | 1.1 | 13.00 | 173.00 | 186.00 | NOTE | |
r-patched-linux-x86_64 | 1.1 | 9.78 | 169.15 | 178.93 | OK | |
r-release-linux-x86_64 | 1.1 | 8.90 | 168.92 | 177.82 | OK | |
r-release-macos-arm64 | 1.1 | 97.00 | OK | |||
r-release-macos-x86_64 | 1.1 | 262.00 | OK | |||
r-release-windows-x86_64 | 1.1 | 12.00 | 170.00 | 182.00 | OK | |
r-oldrel-macos-arm64 | 1.1 | 130.00 | OK | |||
r-oldrel-macos-x86_64 | 1.1 | 201.00 | OK | |||
r-oldrel-windows-x86_64 | 1.1 | 14.00 | 214.00 | 228.00 | OK |
Version: 1.1
Check: DESCRIPTION meta-information
Result: NOTE
Missing dependency on R >= 4.1.0 because package code uses the pipe
|> or function shorthand \(...) syntax added in R 4.1.0.
File(s) using such syntax:
‘functions.R’
Flavors: r-devel-linux-x86_64-debian-clang, r-devel-linux-x86_64-debian-gcc, r-devel-linux-x86_64-fedora-clang, r-devel-linux-x86_64-fedora-gcc, r-devel-macos-x86_64, r-devel-windows-x86_64