Last updated on 2025-02-21 02:52:08 CET.
Flavor | Version | Tinstall | Tcheck | Ttotal | Status | Flags |
---|---|---|---|---|---|---|
r-devel-linux-x86_64-debian-clang | 0.0.4 | 11.47 | 78.10 | 89.57 | OK | |
r-devel-linux-x86_64-debian-gcc | 0.0.4 | 7.47 | 56.50 | 63.97 | OK | |
r-devel-linux-x86_64-fedora-clang | 0.0.4 | 140.31 | NOTE | |||
r-devel-linux-x86_64-fedora-gcc | 0.0.4 | 135.66 | NOTE | |||
r-devel-macos-arm64 | 0.0.4 | 43.00 | OK | |||
r-devel-macos-x86_64 | 0.0.4 | 73.00 | OK | |||
r-devel-windows-x86_64 | 0.0.4 | 12.00 | 84.00 | 96.00 | OK | |
r-patched-linux-x86_64 | 0.0.4 | 9.88 | 72.87 | 82.75 | OK | |
r-release-linux-x86_64 | 0.0.4 | 9.56 | 73.08 | 82.64 | OK | |
r-release-macos-arm64 | 0.0.4 | 41.00 | OK | |||
r-release-macos-x86_64 | 0.0.4 | 63.00 | OK | |||
r-release-windows-x86_64 | 0.0.4 | 13.00 | 85.00 | 98.00 | OK | |
r-oldrel-macos-arm64 | 0.0.4 | 44.00 | OK | |||
r-oldrel-macos-x86_64 | 0.0.4 | 69.00 | OK | |||
r-oldrel-windows-x86_64 | 0.0.4 | 15.00 | 97.00 | 112.00 | OK |
Version: 0.0.4
Check: dependencies in R code
Result: NOTE
Namespace in Imports field not imported from: ‘networkD3’
All declared Imports should be used.
Flavors: r-devel-linux-x86_64-fedora-clang, r-devel-linux-x86_64-fedora-gcc