Last updated on 2025-02-20 14:50:48 CET.
Flavor | Version | Tinstall | Tcheck | Ttotal | Status | Flags |
---|---|---|---|---|---|---|
r-devel-linux-x86_64-debian-clang | 0.9.0.1 | 189.15 | 28.60 | 217.75 | OK | |
r-devel-linux-x86_64-debian-gcc | 0.10.0 | 152.99 | 23.70 | 176.69 | OK | |
r-devel-linux-x86_64-fedora-clang | 0.10.0 | 363.71 | OK | |||
r-devel-linux-x86_64-fedora-gcc | 0.10.0 | 385.71 | OK | |||
r-devel-macos-arm64 | 0.9.0.1 | 52.00 | OK | |||
r-devel-macos-x86_64 | 0.10.0 | 182.00 | OK | |||
r-devel-windows-x86_64 | 0.9.0.1 | 259.00 | 90.00 | 349.00 | OK | |
r-patched-linux-x86_64 | 0.9.0.1 | 191.39 | 27.18 | 218.57 | OK | |
r-release-linux-x86_64 | 0.10.0 | 193.36 | 28.48 | 221.84 | OK | |
r-release-macos-arm64 | 0.9.0.1 | 81.00 | NOTE | |||
r-release-macos-x86_64 | 0.10.0 | 183.00 | NOTE | |||
r-release-windows-x86_64 | 0.10.0 | 246.00 | 110.00 | 356.00 | OK | |
r-oldrel-macos-arm64 | 0.9.0.1 | 95.00 | NOTE | |||
r-oldrel-macos-x86_64 | 0.10.0 | 150.00 | NOTE | |||
r-oldrel-windows-x86_64 | 0.10.0 | 233.00 | 112.00 | 345.00 | OK |
Version: 0.9.0.1
Check: installed package size
Result: NOTE
installed size is 10.4Mb
sub-directories of 1Mb or more:
libs 10.1Mb
Flavors: r-release-macos-arm64, r-oldrel-macos-arm64
Version: 0.10.0
Check: installed package size
Result: NOTE
installed size is 9.6Mb
sub-directories of 1Mb or more:
libs 9.3Mb
Flavors: r-release-macos-x86_64, r-oldrel-macos-x86_64