Last updated on 2025-02-18 02:50:33 CET.
Flavor | Version | Tinstall | Tcheck | Ttotal | Status | Flags |
---|---|---|---|---|---|---|
r-devel-linux-x86_64-debian-clang | 0.5 | 4.52 | 35.07 | 39.59 | OK | |
r-devel-linux-x86_64-debian-gcc | 0.5 | 3.02 | 26.89 | 29.91 | OK | |
r-devel-linux-x86_64-fedora-clang | 0.5 | 68.43 | OK | |||
r-devel-linux-x86_64-fedora-gcc | 0.5 | 82.53 | OK | |||
r-devel-macos-arm64 | 0.5 | 32.00 | OK | |||
r-devel-macos-x86_64 | 0.5 | 58.00 | OK | |||
r-devel-windows-x86_64 | 0.5 | 7.00 | 66.00 | 73.00 | OK | |
r-patched-linux-x86_64 | 0.5 | 4.57 | 33.68 | 38.25 | OK | |
r-release-linux-x86_64 | 0.5 | 4.10 | 33.21 | 37.31 | OK | |
r-release-macos-arm64 | 0.5 | 30.00 | NOTE | |||
r-release-macos-x86_64 | 0.5 | 45.00 | NOTE | |||
r-release-windows-x86_64 | 0.5 | 7.00 | 60.00 | 67.00 | NOTE | |
r-oldrel-macos-arm64 | 0.5 | 37.00 | NOTE | |||
r-oldrel-macos-x86_64 | 0.5 | 42.00 | NOTE | |||
r-oldrel-windows-x86_64 | 0.5 | 9.00 | 91.00 | 100.00 | NOTE |
Version: 0.5
Check: installed package size
Result: NOTE
installed size is 5.5Mb
sub-directories of 1Mb or more:
data 3.4Mb
doc 1.8Mb
Flavors: r-release-macos-arm64, r-release-macos-x86_64, r-release-windows-x86_64, r-oldrel-macos-arm64, r-oldrel-macos-x86_64, r-oldrel-windows-x86_64