Last updated on 2025-02-21 02:52:08 CET.
Flavor | Version | Tinstall | Tcheck | Ttotal | Status | Flags |
---|---|---|---|---|---|---|
r-devel-linux-x86_64-debian-clang | 1.2.3 | 18.98 | 272.56 | 291.54 | OK | |
r-devel-linux-x86_64-debian-gcc | 1.2.3 | 13.07 | 216.78 | 229.85 | OK | |
r-devel-linux-x86_64-fedora-clang | 1.2.3 | 487.50 | ERROR | |||
r-devel-linux-x86_64-fedora-gcc | 1.2.3 | 535.56 | ERROR | |||
r-devel-macos-arm64 | 1.2.3 | 162.00 | OK | |||
r-devel-macos-x86_64 | 1.2.3 | 335.00 | OK | |||
r-devel-windows-x86_64 | 1.2.3 | 21.00 | 306.00 | 327.00 | OK | |
r-patched-linux-x86_64 | 1.2.3 | 18.13 | 280.95 | 299.08 | OK | |
r-release-linux-x86_64 | 1.2.3 | 18.21 | 282.29 | 300.50 | OK | |
r-release-macos-arm64 | 1.2.3 | 163.00 | OK | |||
r-release-macos-x86_64 | 1.2.3 | 219.00 | OK | |||
r-release-windows-x86_64 | 1.2.3 | 20.00 | 304.00 | 324.00 | OK | |
r-oldrel-macos-arm64 | 1.2.3 | 176.00 | OK | |||
r-oldrel-macos-x86_64 | 1.2.3 | 271.00 | OK | |||
r-oldrel-windows-x86_64 | 1.2.3 | 27.00 | 408.00 | 435.00 | OK |
Version: 1.2.3
Check: tests
Result: ERROR
Running ‘testthat.R’ [212s/352s]
Running the tests in ‘tests/testthat.R’ failed.
Complete output:
> library(testthat)
> library(climwin)
Loading required package: ggplot2
Loading required package: gridExtra
Loading required package: Matrix
>
> test_check("climwin")
|
| | 0%
|
|||||||||||||||||||||||| | 33%
|
|||||||||||||||||||||||||||||||||||||||||||||||||||||||||||||||||||||||| 100%
|
| | 0%
|
|||||||||||||||||||||||| | 33%
|
|||||||||||||||||||||||||||||||||||||||||||||||||||||||||||||||||||||||| 100%
|
| | 0%
|
|||||||||||||||||||||||| | 33%
|
|||||||||||||||||||||||||||||||||||||||||||||||||||||||||||||||||||||||| 100%
|
| | 0%
|
|||||||||||||||||||||||| | 33%
|
|||||||||||||||||||||||||||||||||||||||||||||||||||||||||||||||||||||||| 100%
|
| | 0%
|
|||||||||||||||||||||||| | 33%
|
|||||||||||||||||||||||||||||||||||||||||||||||||||||||||||||||||||||||| 100%
|
| | 0%
|
|||||||||||||||||||||||| | 33%
|
|||||||||||||||||||||||||||||||||||||||||||||||||||||||||||||||||||||||| 100%
|
| | 0%
|
|||||||||||||||||||||||| | 33%
|
|||||||||||||||||||||||||||||||||||||||||||||||||||||||||||||||||||||||| 100%
|
| | 0%
|
|||||||||||||||||||||||| | 33%
|
|||||||||||||||||||||||||||||||||||||||||||||||||||||||||||||||||||||||| 100%
|
| | 0%
|
|||||||||||||||||||||||| | 33%
|
|||||||||||||||||||||||||||||||||||||||||||||||||||||||||||||||||||||||| 100%
|
| | 0%
|
|||||||||||||||||||||||| | 33%
|
|||||||||||||||||||||||||||||||||||||||||||||||||||||||||||||||||||||||| 100%
|
| | 0%
|
|||||||||||||||||||||||| | 33%
|
|||||||||||||||||||||||||||||||||||||||||||||||||||||||||||||||||||||||| 100%
|
| | 0%
|
|||||||||||||||||||||||| | 33%
|
|||||||||||||||||||||||||||||||||||||||||||||||||||||||||||||||||||||||| 100%
|
| | 0%
|
|||||||||||||||||||||||| | 33%
|
|||||||||||||||||||||||||||||||||||||||||||||||||||||||||||||||||||||||| 100%
|
| | 0%
|
|||||||||||||||||||||||| | 33%
|
|||||||||||||||||||||||||||||||||||||||||||||||||||||||||||||||||||||||| 100%
|
| | 0%
|
|||||||||||||||||||||||| | 33%
|
|||||||||||||||||||||||||||||||||||||||||||||||||||||||||||||||||||||||| 100%
|
| | 0%
|
|||||||||||||||||||||||| | 33%
|
|||||||||||||||||||||||||||||||||||||||||||||||||||||||||||||||||||||||| 100%
|
| | 0%
|
|||||||||||||||||||||||| | 33%
|
|||||||||||||||||||||||||||||||||||||||||||||||||||||||||||||||||||||||| 100%
|
| | 0%
|
|||||||||||||||||||||||| | 33%
|
|||||||||||||||||||||||||||||||||||||||||||||||||||||||||||||||||||||||| 100%
|
| | 0%
|
|||||||||||||||||||||||| | 33%
|
|||||||||||||||||||||||||||||||||||||||||||||||||||||||||||||||||||||||| 100%
|
| | 0%
|
|||||||||||||||||||||||| | 33%
|
|||||||||||||||||||||||||||||||||||||||||||||||||||||||||||||||||||||||| 100%
|
| | 0%
|
|||||||||||||||||||||||| | 33%
|
|||||||||||||||||||||||||||||||||||||||||||||||||||||||||||||||||||||||| 100%
|
| | 0%
|
|||||||||||||||||||||||| | 33%
|
|||||||||||||||||||||||||||||||||||||||||||||||||||||||||||||||||||||||| 100%
|
| | 0%
|
|||||||||||||||||||||||| | 33%
|
|||||||||||||||||||||||||||||||||||||||||||||||||||||||||||||||||||||||| 100%
|
| | 0%
|
|||||||||||||||||||||||| | 33%
|
|||||||||||||||||||||||||||||||||||||||||||||||||||||||||||||||||||||||| 100%
|
| | 0%
|
|||||||||||||||||||||||| | 33%
|
|||||||||||||||||||||||||||||||||||||||||||||||||||||||||||||||||||||||| 100%
|
| | 0%
|
|||||||||||||||||||||||| | 33%
|
|||||||||||||||||||||||||||||||||||||||||||||||||||||||||||||||||||||||| 100%
|
| | 0%
|
|||||||||||||||||||||||| | 33%
|
|||||||||||||||||||||||||||||||||||||||||||||||||||||||||||||||||||||||| 100%
|
| | 0%
|
|||||||||||||||||||||||| | 33%
|
|||||||||||||||||||||||||||||||||||||||||||||||||||||||||||||||||||||||| 100%
|
| | 0%
|
|||||||||||||||||||||||| | 33%
|
|||||||||||||||||||||||||||||||||||||||||||||||||||||||||||||||||||||||| 100%
|
| | 0%
|
|||||||||||||||||||||||| | 33%
|
|||||||||||||||||||||||||||||||||||||||||||||||||||||||||||||||||||||||| 100%
|
| | 0%
|
|||||||||||||||||||||||| | 33%
|
|||||||||||||||||||||||||||||||||||||||||||||||||||||||||||||||||||||||| 100%
|
| | 0%
|
|||||||||||||||||||||||| | 33%
|
|||||||||||||||||||||||||||||||||||||||||||||||||||||||||||||||||||||||| 100%
|
| | 0%
|
|||||||||||||||||||||||| | 33%
|
|||||||||||||||||||||||||||||||||||||||||||||||||||||||||||||||||||||||| 100%
|
| | 0%
|
||||||||||||| | 17%
|
|||||||||||||||||||||||||||||||||||| | 50%
|
|||||||||||||||||||||||||||||||||||||||||||||||||||||||||||||||||||||||| 100%
|
| | 0%
|
|||||||||||||||||||||||| | 33%
|
|||||||||||||||||||||||||||||||||||||||||||||||||||||||||||||||||||||||| 100%
|
| | 0%
|
|||||||||||||||||||||||| | 33%
|
|||||||||||||||||||||||||||||||||||||||||||||||||||||||||||||||||||||||| 100%
|
| | 0%
|
|||||||||||||||||||||||| | 33%
|
|||||||||||||||||||||||||||||||||||||||||||||||||||||||||||||||||||||||| 100%
|
| | 0%
|
|||||||||||||||||||||||| | 33%
|
|||||||||||||||||||||||||||||||||||||||||||||||||||||||||||||||||||||||| 100%
|
| | 0%
|
|||||||||||||||||||||||| | 33%
|
|||||||||||||||||||||||||||||||||||||||||||||||||||||||||||||||||||||||| 100%
|
| | 0%
|
|||||||||||||||||||||||| | 33%
|
|||||||||||||||||||||||||||||||||||||||||||||||||||||||||||||||||||||||| 100%
|
| | 0%
|
|||||||||||||||||||||||| | 33%
|
|||||||||||||||||||||||||||||||||||||||||||||||||||||||||||||||||||||||| 100%
|
| | 0%
|
|||||||||||||||||||||||| | 33%
|
|||||||||||||||||||||||||||||||||||||||||||||||||||||||||||||||||||||||| 100%
|
| | 0%
|
|||||||||||||||||||||||| | 33%
|
|||||||||||||||||||||||||||||||||||||||||||||||||||||||||||||||||||||||| 100%
|
| | 0%
|
|||||||||||||||||||||||| | 33%
|
|||||||||||||||||||||||||||||||||||||||||||||||||||||||||||||||||||||||| 100%
|
| | 0%
|
|||||||||||||||||||||||| | 33%
|
|||||||||||||||||||||||||||||||||||||||||||||||||||||||||||||||||||||||| 100%
|
| | 0%
|
|||||||||||||||||||||||| | 33%
|
|||||||||||||||||||||||||||||||||||||||||||||||||||||||||||||||||||||||| 100%
|
| | 0%
|
|||||||||||||||||||||||| | 33%
|
|||||||||||||||||||||||||||||||||||||||||||||||||||||||||||||||||||||||| 100%
|
| | 0%
|
|||||||||||||||||||||||| | 33%
|
|||||||||||||||||||||||||||||||||||||||||||||||||||||||||||||||||||||||| 100%
|
| | 0%
|
|||||||||||||||||||||||||||||||||||||||||||||||||||||||||||||||||||||||| 100%
|
| | 0%
|
|||||||||||||||||||||||||||||||||||||||||||||||||||||||||||||||||||||||| 100%
|
| | 0%
|
||||||||||||| | 17%
|
|||||||||||||||||||||||||||||||||||| | 50%
|
|||||||||||||||||||||||||||||||||||||||||||||||||||||||||||||||||||||||| 100%
|
| | 0%
|
||||||||||||| | 17%
|
|||||||||||||||||||||||||||||||||||| | 50%
|
|||||||||||||||||||||||||||||||||||||||||||||||||||||||||||||||||||||||| 100%
|
| | 0%
|
||||||||||||| | 17%
|
|||||||||||||||||||||||||||||||||||| | 50%
|
|||||||||||||||||||||||||||||||||||||||||||||||||||||||||||||||||||||||| 100%
|
| | 0%
|
||||||||||||| | 17%
|
|||||||||||||||||||||||||||||||||||| | 50%
|
|||||||||||||||||||||||||||||||||||||||||||||||||||||||||||||||||||||||| 100%
|
| | 0%
|
|||||||||||||||||||||||| | 33%
|
|||||||||||||||||||||||||||||||||||||||||||||||||||||||||||||||||||||||| 100%
|
| | 0%
|
|||||||||||||||||||||||| | 33%
|
|||||||||||||||||||||||||||||||||||||||||||||||||||||||||||||||||||||||| 100%
|
| | 0%
|
||||||||||||| | 17%
|
|||||||||||||||||||||||||||||||||||| | 50%
|
|||||||||||||||||||||||||||||||||||||||||||||||||||||||||||||||||||||||| 100%
|
| | 0%
|
||||||||||||| | 17%
|
|||||||||||||||||||||||||||||||||||| | 50%
|
|||||||||||||||||||||||||||||||||||||||||||||||||||||||||||||||||||||||| 100%
|
| | 0%
|
|||||||||||||||||||||||| | 33%
|
|||||||||||||||||||||||||||||||||||||||||||||||||||||||||||||||||||||||| 100%
|
| | 0%
|
|||||||||||||||||||||||| | 33%
|
|||||||||||||||||||||||||||||||||||||||||||||||||||||||||||||||||||||||| 100%
|
| | 0%
|
|||||||||||||||||||||||| | 33%
|
|||||||||||||||||||||||||||||||||||||||||||||||||||||||||||||||||||||||| 100%
|
| | 0%
|
||||||||||||| | 17%
|
|||||||||||||||||||||||||||||||||||| | 50%
|
|||||||||||||||||||||||||||||||||||||||||||||||||||||||||||||||||||||||| 100%
|
| | 0%
|
||||||||||||| | 17%
|
|||||||||||||||||||||||||||||||||||| | 50%
|
|||||||||||||||||||||||||||||||||||||||||||||||||||||||||||||||||||||||| 100%
|
| | 0%
|
||||||||||||| | 17%
|
|||||||||||||||||||||||||||||||||||| | 50%
|
|||||||||||||||||||||||||||||||||||||||||||||||||||||||||||||||||||||||| 100%
|
| | 0%
|
||||||||||||| | 17%
|
|||||||||||||||||||||||||||||||||||| | 50%
|
|||||||||||||||||||||||||||||||||||||||||||||||||||||||||||||||||||||||| 100%
|
| | 0%
|
|||||||||||||||||||||||| | 33%
|
|||||||||||||||||||||||||||||||||||||||||||||||||||||||||||||||||||||||| 100%
|
| | 0%
|
||||||||||||| | 17%
|
|||||||||||||||||||||||||||||||||||| | 50%
|
|||||||||||||||||||||||||||||||||||||||||||||||||||||||||||||||||||||||| 100%
|
| | 0%
|
||||||||||||| | 17%
|
|||||||||||||||||||||||||||||||||||| | 50%
|
|||||||||||||||||||||||||||||||||||||||||||||||||||||||||||||||||||||||| 100%
|
| | 0%
|
||||||||||||| | 17%
|
|||||||||||||||||||||||||||||||||||| | 50%
|
|||||||||||||||||||||||||||||||||||||||||||||||||||||||||||||||||||||||| 100%
|
| | 0%
|
||||||||||||| | 17%
|
|||||||||||||||||||||||||||||||||||| | 50%
|
|||||||||||||||||||||||||||||||||||||||||||||||||||||||||||||||||||||||| 100%
|
| | 0%
|
||||||||||||| | 17%
|
|||||||||||||||||||||||||||||||||||| | 50%
|
|||||||||||||||||||||||||||||||||||||||||||||||||||||||||||||||||||||||| 100%
|
| | 0%
|
||||||||||||| | 17%
|
|||||||||||||||||||||||||||||||||||| | 50%
|
|||||||||||||||||||||||||||||||||||||||||||||||||||||||||||||||||||||||| 100%
|
| | 0%
|
||||||||||||| | 17%
|
|||||||||||||||||||||||||||||||||||| | 50%
|
|||||||||||||||||||||||||||||||||||||||||||||||||||||||||||||||||||||||| 100%
|
| | 0%
|
||||||||||||| | 17%
|
|||||||||||||||||||||||||||||||||||| | 50%
|
|||||||||||||||||||||||||||||||||||||||||||||||||||||||||||||||||||||||| 100%
|
| | 0%
|
||||||||||||| | 17%
|
|||||||||||||||||||||||||||||||||||| | 50%
|
|||||||||||||||||||||||||||||||||||||||||||||||||||||||||||||||||||||||| 100%
|
| | 0%
|
||||||||||||| | 17%
|
|||||||||||||||||||||||||||||||||||| | 50%
|
|||||||||||||||||||||||||||||||||||||||||||||||||||||||||||||||||||||||| 100%
|
| | 0%
|
||||||||||||| | 17%
|
|||||||||||||||||||||||||||||||||||| | 50%
|
|||||||||||||||||||||||||||||||||||||||||||||||||||||||||||||||||||||||| 100%
|
| | 0%
|
||||||||||||| | 17%
|
|||||||||||||||||||||||||||||||||||| | 50%
|
|||||||||||||||||||||||||||||||||||||||||||||||||||||||||||||||||||||||| 100%
|
| | 0%
|
||||||||||||| | 17%
|
|||||||||||||||||||||||||||||||||||| | 50%
|
|||||||||||||||||||||||||||||||||||||||||||||||||||||||||||||||||||||||| 100%
|
| | 0%
|
||||||||||||| | 17%
|
|||||||||||||||||||||||||||||||||||| | 50%
|
|||||||||||||||||||||||||||||||||||||||||||||||||||||||||||||||||||||||| 100%
|
| | 0%
|
||||||||||||| | 17%
|
|||||||||||||||||||||||||||||||||||| | 50%
|
|||||||||||||||||||||||||||||||||||||||||||||||||||||||||||||||||||||||| 100%
|
| | 0%
|
||||||||||||| | 17%
|
|||||||||||||||||||||||||||||||||||| | 50%
|
|||||||||||||||||||||||||||||||||||||||||||||||||||||||||||||||||||||||| 100%
|
| | 0%
|
||||||||||||| | 17%
|
|||||||||||||||||||||||||||||||||||| | 50%
|
|||||||||||||||||||||||||||||||||||||||||||||||||||||||||||||||||||||||| 100%
|
| | 0%
|
||||||||||||| | 17%
|
|||||||||||||||||||||||||||||||||||| | 50%
|
|||||||||||||||||||||||||||||||||||||||||||||||||||||||||||||||||||||||| 100%
|
| | 0%
|
||||||||||||| | 17%
|
|||||||||||||||||||||||||||||||||||| | 50%
|
|||||||||||||||||||||||||||||||||||||||||||||||||||||||||||||||||||||||| 100%
|
| | 0%
|
||||||||||||| | 17%
|
|||||||||||||||||||||||||||||||||||| | 50%
|
|||||||||||||||||||||||||||||||||||||||||||||||||||||||||||||||||||||||| 100%
|
| | 0%
|
||||||||||||| | 17%
|
|||||||||||||||||||||||||||||||||||| | 50%
|
|||||||||||||||||||||||||||||||||||||||||||||||||||||||||||||||||||||||| 100%[ FAIL 5 | WARN 829 | SKIP 3 | PASS 792 ]
══ Skipped tests (3) ═══════════════════════════════════════════════════════════
• empty test (3): 'testplotall.R:6:1', 'testplotall.R:31:1',
'testplotall.R:51:1'
══ Failed tests ════════════════════════════════════════════════════════════════
── Failure ('testsinglewin.R:374:3'): lmer models can run in singlewin ─────────
round(test$Dataset$deltaAICc, 1) == -59.3 is not TRUE
`actual`: <NA>
`expected`: TRUE
── Failure ('testsinglewin.R:375:3'): lmer models can run in singlewin ─────────
round(test$Dataset$ModelAICc, 1) == 4994.6 is not TRUE
`actual`: FALSE
`expected`: TRUE
── Failure ('testslidingwin.R:621:3'): lmer [lme4] models can run in slidingwin ──
round(test[[1]]$Dataset$deltaAICc[1], 1) == -55.3 is not TRUE
`actual`: <NA>
`expected`: TRUE
── Failure ('testslidingwin.R:622:3'): lmer [lme4] models can run in slidingwin ──
... & ... is not TRUE
`actual`: FALSE
`expected`: TRUE
── Failure ('testslidingwin.R:657:3'): lmer [lme4] models can run in slidingwin with cross-validation ──
round(test[[1]]$Dataset$deltaAICc[1], 1) == -26.3 is not TRUE
`actual`: FALSE
`expected`: TRUE
[ FAIL 5 | WARN 829 | SKIP 3 | PASS 792 ]
Error: Test failures
Execution halted
Flavor: r-devel-linux-x86_64-fedora-clang
Version: 1.2.3
Check: tests
Result: ERROR
Running ‘testthat.R’ [235s/556s]
Running the tests in ‘tests/testthat.R’ failed.
Complete output:
> library(testthat)
> library(climwin)
Loading required package: ggplot2
Loading required package: gridExtra
Loading required package: Matrix
>
> test_check("climwin")
|
| | 0%
|
|||||||||||||||||||||||| | 33%
|
|||||||||||||||||||||||||||||||||||||||||||||||||||||||||||||||||||||||| 100%
|
| | 0%
|
|||||||||||||||||||||||| | 33%
|
|||||||||||||||||||||||||||||||||||||||||||||||||||||||||||||||||||||||| 100%
|
| | 0%
|
|||||||||||||||||||||||| | 33%
|
|||||||||||||||||||||||||||||||||||||||||||||||||||||||||||||||||||||||| 100%
|
| | 0%
|
|||||||||||||||||||||||| | 33%
|
|||||||||||||||||||||||||||||||||||||||||||||||||||||||||||||||||||||||| 100%
|
| | 0%
|
|||||||||||||||||||||||| | 33%
|
|||||||||||||||||||||||||||||||||||||||||||||||||||||||||||||||||||||||| 100%
|
| | 0%
|
|||||||||||||||||||||||| | 33%
|
|||||||||||||||||||||||||||||||||||||||||||||||||||||||||||||||||||||||| 100%
|
| | 0%
|
|||||||||||||||||||||||| | 33%
|
|||||||||||||||||||||||||||||||||||||||||||||||||||||||||||||||||||||||| 100%
|
| | 0%
|
|||||||||||||||||||||||| | 33%
|
|||||||||||||||||||||||||||||||||||||||||||||||||||||||||||||||||||||||| 100%
|
| | 0%
|
|||||||||||||||||||||||| | 33%
|
|||||||||||||||||||||||||||||||||||||||||||||||||||||||||||||||||||||||| 100%
|
| | 0%
|
|||||||||||||||||||||||| | 33%
|
|||||||||||||||||||||||||||||||||||||||||||||||||||||||||||||||||||||||| 100%
|
| | 0%
|
|||||||||||||||||||||||| | 33%
|
|||||||||||||||||||||||||||||||||||||||||||||||||||||||||||||||||||||||| 100%
|
| | 0%
|
|||||||||||||||||||||||| | 33%
|
|||||||||||||||||||||||||||||||||||||||||||||||||||||||||||||||||||||||| 100%
|
| | 0%
|
|||||||||||||||||||||||| | 33%
|
|||||||||||||||||||||||||||||||||||||||||||||||||||||||||||||||||||||||| 100%
|
| | 0%
|
|||||||||||||||||||||||| | 33%
|
|||||||||||||||||||||||||||||||||||||||||||||||||||||||||||||||||||||||| 100%
|
| | 0%
|
|||||||||||||||||||||||| | 33%
|
|||||||||||||||||||||||||||||||||||||||||||||||||||||||||||||||||||||||| 100%
|
| | 0%
|
|||||||||||||||||||||||| | 33%
|
|||||||||||||||||||||||||||||||||||||||||||||||||||||||||||||||||||||||| 100%
|
| | 0%
|
|||||||||||||||||||||||| | 33%
|
|||||||||||||||||||||||||||||||||||||||||||||||||||||||||||||||||||||||| 100%
|
| | 0%
|
|||||||||||||||||||||||| | 33%
|
|||||||||||||||||||||||||||||||||||||||||||||||||||||||||||||||||||||||| 100%
|
| | 0%
|
|||||||||||||||||||||||| | 33%
|
|||||||||||||||||||||||||||||||||||||||||||||||||||||||||||||||||||||||| 100%
|
| | 0%
|
|||||||||||||||||||||||| | 33%
|
|||||||||||||||||||||||||||||||||||||||||||||||||||||||||||||||||||||||| 100%
|
| | 0%
|
|||||||||||||||||||||||| | 33%
|
|||||||||||||||||||||||||||||||||||||||||||||||||||||||||||||||||||||||| 100%
|
| | 0%
|
|||||||||||||||||||||||| | 33%
|
|||||||||||||||||||||||||||||||||||||||||||||||||||||||||||||||||||||||| 100%
|
| | 0%
|
|||||||||||||||||||||||| | 33%
|
|||||||||||||||||||||||||||||||||||||||||||||||||||||||||||||||||||||||| 100%
|
| | 0%
|
|||||||||||||||||||||||| | 33%
|
|||||||||||||||||||||||||||||||||||||||||||||||||||||||||||||||||||||||| 100%
|
| | 0%
|
|||||||||||||||||||||||| | 33%
|
|||||||||||||||||||||||||||||||||||||||||||||||||||||||||||||||||||||||| 100%
|
| | 0%
|
|||||||||||||||||||||||| | 33%
|
|||||||||||||||||||||||||||||||||||||||||||||||||||||||||||||||||||||||| 100%
|
| | 0%
|
|||||||||||||||||||||||| | 33%
|
|||||||||||||||||||||||||||||||||||||||||||||||||||||||||||||||||||||||| 100%
|
| | 0%
|
|||||||||||||||||||||||| | 33%
|
|||||||||||||||||||||||||||||||||||||||||||||||||||||||||||||||||||||||| 100%
|
| | 0%
|
|||||||||||||||||||||||| | 33%
|
|||||||||||||||||||||||||||||||||||||||||||||||||||||||||||||||||||||||| 100%
|
| | 0%
|
|||||||||||||||||||||||| | 33%
|
|||||||||||||||||||||||||||||||||||||||||||||||||||||||||||||||||||||||| 100%
|
| | 0%
|
|||||||||||||||||||||||| | 33%
|
|||||||||||||||||||||||||||||||||||||||||||||||||||||||||||||||||||||||| 100%
|
| | 0%
|
|||||||||||||||||||||||| | 33%
|
|||||||||||||||||||||||||||||||||||||||||||||||||||||||||||||||||||||||| 100%
|
| | 0%
|
|||||||||||||||||||||||| | 33%
|
|||||||||||||||||||||||||||||||||||||||||||||||||||||||||||||||||||||||| 100%
|
| | 0%
|
||||||||||||| | 17%
|
|||||||||||||||||||||||||||||||||||| | 50%
|
|||||||||||||||||||||||||||||||||||||||||||||||||||||||||||||||||||||||| 100%
|
| | 0%
|
|||||||||||||||||||||||| | 33%
|
|||||||||||||||||||||||||||||||||||||||||||||||||||||||||||||||||||||||| 100%
|
| | 0%
|
|||||||||||||||||||||||| | 33%
|
|||||||||||||||||||||||||||||||||||||||||||||||||||||||||||||||||||||||| 100%
|
| | 0%
|
|||||||||||||||||||||||| | 33%
|
|||||||||||||||||||||||||||||||||||||||||||||||||||||||||||||||||||||||| 100%
|
| | 0%
|
|||||||||||||||||||||||| | 33%
|
|||||||||||||||||||||||||||||||||||||||||||||||||||||||||||||||||||||||| 100%
|
| | 0%
|
|||||||||||||||||||||||| | 33%
|
|||||||||||||||||||||||||||||||||||||||||||||||||||||||||||||||||||||||| 100%
|
| | 0%
|
|||||||||||||||||||||||| | 33%
|
|||||||||||||||||||||||||||||||||||||||||||||||||||||||||||||||||||||||| 100%
|
| | 0%
|
|||||||||||||||||||||||| | 33%
|
|||||||||||||||||||||||||||||||||||||||||||||||||||||||||||||||||||||||| 100%
|
| | 0%
|
|||||||||||||||||||||||| | 33%
|
|||||||||||||||||||||||||||||||||||||||||||||||||||||||||||||||||||||||| 100%
|
| | 0%
|
|||||||||||||||||||||||| | 33%
|
|||||||||||||||||||||||||||||||||||||||||||||||||||||||||||||||||||||||| 100%
|
| | 0%
|
|||||||||||||||||||||||| | 33%
|
|||||||||||||||||||||||||||||||||||||||||||||||||||||||||||||||||||||||| 100%
|
| | 0%
|
|||||||||||||||||||||||| | 33%
|
|||||||||||||||||||||||||||||||||||||||||||||||||||||||||||||||||||||||| 100%
|
| | 0%
|
|||||||||||||||||||||||| | 33%
|
|||||||||||||||||||||||||||||||||||||||||||||||||||||||||||||||||||||||| 100%
|
| | 0%
|
|||||||||||||||||||||||| | 33%
|
|||||||||||||||||||||||||||||||||||||||||||||||||||||||||||||||||||||||| 100%
|
| | 0%
|
|||||||||||||||||||||||| | 33%
|
|||||||||||||||||||||||||||||||||||||||||||||||||||||||||||||||||||||||| 100%
|
| | 0%
|
|||||||||||||||||||||||||||||||||||||||||||||||||||||||||||||||||||||||| 100%
|
| | 0%
|
|||||||||||||||||||||||||||||||||||||||||||||||||||||||||||||||||||||||| 100%
|
| | 0%
|
||||||||||||| | 17%
|
|||||||||||||||||||||||||||||||||||| | 50%
|
|||||||||||||||||||||||||||||||||||||||||||||||||||||||||||||||||||||||| 100%
|
| | 0%
|
||||||||||||| | 17%
|
|||||||||||||||||||||||||||||||||||| | 50%
|
|||||||||||||||||||||||||||||||||||||||||||||||||||||||||||||||||||||||| 100%
|
| | 0%
|
||||||||||||| | 17%
|
|||||||||||||||||||||||||||||||||||| | 50%
|
|||||||||||||||||||||||||||||||||||||||||||||||||||||||||||||||||||||||| 100%
|
| | 0%
|
||||||||||||| | 17%
|
|||||||||||||||||||||||||||||||||||| | 50%
|
|||||||||||||||||||||||||||||||||||||||||||||||||||||||||||||||||||||||| 100%
|
| | 0%
|
|||||||||||||||||||||||| | 33%
|
|||||||||||||||||||||||||||||||||||||||||||||||||||||||||||||||||||||||| 100%
|
| | 0%
|
|||||||||||||||||||||||| | 33%
|
|||||||||||||||||||||||||||||||||||||||||||||||||||||||||||||||||||||||| 100%
|
| | 0%
|
||||||||||||| | 17%
|
|||||||||||||||||||||||||||||||||||| | 50%
|
|||||||||||||||||||||||||||||||||||||||||||||||||||||||||||||||||||||||| 100%
|
| | 0%
|
||||||||||||| | 17%
|
|||||||||||||||||||||||||||||||||||| | 50%
|
|||||||||||||||||||||||||||||||||||||||||||||||||||||||||||||||||||||||| 100%
|
| | 0%
|
|||||||||||||||||||||||| | 33%
|
|||||||||||||||||||||||||||||||||||||||||||||||||||||||||||||||||||||||| 100%
|
| | 0%
|
|||||||||||||||||||||||| | 33%
|
|||||||||||||||||||||||||||||||||||||||||||||||||||||||||||||||||||||||| 100%
|
| | 0%
|
|||||||||||||||||||||||| | 33%
|
|||||||||||||||||||||||||||||||||||||||||||||||||||||||||||||||||||||||| 100%
|
| | 0%
|
||||||||||||| | 17%
|
|||||||||||||||||||||||||||||||||||| | 50%
|
|||||||||||||||||||||||||||||||||||||||||||||||||||||||||||||||||||||||| 100%
|
| | 0%
|
||||||||||||| | 17%
|
|||||||||||||||||||||||||||||||||||| | 50%
|
|||||||||||||||||||||||||||||||||||||||||||||||||||||||||||||||||||||||| 100%
|
| | 0%
|
||||||||||||| | 17%
|
|||||||||||||||||||||||||||||||||||| | 50%
|
|||||||||||||||||||||||||||||||||||||||||||||||||||||||||||||||||||||||| 100%
|
| | 0%
|
||||||||||||| | 17%
|
|||||||||||||||||||||||||||||||||||| | 50%
|
|||||||||||||||||||||||||||||||||||||||||||||||||||||||||||||||||||||||| 100%
|
| | 0%
|
|||||||||||||||||||||||| | 33%
|
|||||||||||||||||||||||||||||||||||||||||||||||||||||||||||||||||||||||| 100%
|
| | 0%
|
||||||||||||| | 17%
|
|||||||||||||||||||||||||||||||||||| | 50%
|
|||||||||||||||||||||||||||||||||||||||||||||||||||||||||||||||||||||||| 100%
|
| | 0%
|
||||||||||||| | 17%
|
|||||||||||||||||||||||||||||||||||| | 50%
|
|||||||||||||||||||||||||||||||||||||||||||||||||||||||||||||||||||||||| 100%
|
| | 0%
|
||||||||||||| | 17%
|
|||||||||||||||||||||||||||||||||||| | 50%
|
|||||||||||||||||||||||||||||||||||||||||||||||||||||||||||||||||||||||| 100%
|
| | 0%
|
||||||||||||| | 17%
|
|||||||||||||||||||||||||||||||||||| | 50%
|
|||||||||||||||||||||||||||||||||||||||||||||||||||||||||||||||||||||||| 100%
|
| | 0%
|
||||||||||||| | 17%
|
|||||||||||||||||||||||||||||||||||| | 50%
|
|||||||||||||||||||||||||||||||||||||||||||||||||||||||||||||||||||||||| 100%
|
| | 0%
|
||||||||||||| | 17%
|
|||||||||||||||||||||||||||||||||||| | 50%
|
|||||||||||||||||||||||||||||||||||||||||||||||||||||||||||||||||||||||| 100%
|
| | 0%
|
||||||||||||| | 17%
|
|||||||||||||||||||||||||||||||||||| | 50%
|
|||||||||||||||||||||||||||||||||||||||||||||||||||||||||||||||||||||||| 100%
|
| | 0%
|
||||||||||||| | 17%
|
|||||||||||||||||||||||||||||||||||| | 50%
|
|||||||||||||||||||||||||||||||||||||||||||||||||||||||||||||||||||||||| 100%
|
| | 0%
|
||||||||||||| | 17%
|
|||||||||||||||||||||||||||||||||||| | 50%
|
|||||||||||||||||||||||||||||||||||||||||||||||||||||||||||||||||||||||| 100%
|
| | 0%
|
||||||||||||| | 17%
|
|||||||||||||||||||||||||||||||||||| | 50%
|
|||||||||||||||||||||||||||||||||||||||||||||||||||||||||||||||||||||||| 100%
|
| | 0%
|
||||||||||||| | 17%
|
|||||||||||||||||||||||||||||||||||| | 50%
|
|||||||||||||||||||||||||||||||||||||||||||||||||||||||||||||||||||||||| 100%
|
| | 0%
|
||||||||||||| | 17%
|
|||||||||||||||||||||||||||||||||||| | 50%
|
|||||||||||||||||||||||||||||||||||||||||||||||||||||||||||||||||||||||| 100%
|
| | 0%
|
||||||||||||| | 17%
|
|||||||||||||||||||||||||||||||||||| | 50%
|
|||||||||||||||||||||||||||||||||||||||||||||||||||||||||||||||||||||||| 100%
|
| | 0%
|
||||||||||||| | 17%
|
|||||||||||||||||||||||||||||||||||| | 50%
|
|||||||||||||||||||||||||||||||||||||||||||||||||||||||||||||||||||||||| 100%
|
| | 0%
|
||||||||||||| | 17%
|
|||||||||||||||||||||||||||||||||||| | 50%
|
|||||||||||||||||||||||||||||||||||||||||||||||||||||||||||||||||||||||| 100%
|
| | 0%
|
||||||||||||| | 17%
|
|||||||||||||||||||||||||||||||||||| | 50%
|
|||||||||||||||||||||||||||||||||||||||||||||||||||||||||||||||||||||||| 100%
|
| | 0%
|
||||||||||||| | 17%
|
|||||||||||||||||||||||||||||||||||| | 50%
|
|||||||||||||||||||||||||||||||||||||||||||||||||||||||||||||||||||||||| 100%
|
| | 0%
|
||||||||||||| | 17%
|
|||||||||||||||||||||||||||||||||||| | 50%
|
|||||||||||||||||||||||||||||||||||||||||||||||||||||||||||||||||||||||| 100%
|
| | 0%
|
||||||||||||| | 17%
|
|||||||||||||||||||||||||||||||||||| | 50%
|
|||||||||||||||||||||||||||||||||||||||||||||||||||||||||||||||||||||||| 100%
|
| | 0%
|
||||||||||||| | 17%
|
|||||||||||||||||||||||||||||||||||| | 50%
|
|||||||||||||||||||||||||||||||||||||||||||||||||||||||||||||||||||||||| 100%
|
| | 0%
|
||||||||||||| | 17%
|
|||||||||||||||||||||||||||||||||||| | 50%
|
|||||||||||||||||||||||||||||||||||||||||||||||||||||||||||||||||||||||| 100%[ FAIL 5 | WARN 829 | SKIP 3 | PASS 792 ]
══ Skipped tests (3) ═══════════════════════════════════════════════════════════
• empty test (3): 'testplotall.R:6:1', 'testplotall.R:31:1',
'testplotall.R:51:1'
══ Failed tests ════════════════════════════════════════════════════════════════
── Failure ('testsinglewin.R:374:3'): lmer models can run in singlewin ─────────
round(test$Dataset$deltaAICc, 1) == -59.3 is not TRUE
`actual`: <NA>
`expected`: TRUE
── Failure ('testsinglewin.R:375:3'): lmer models can run in singlewin ─────────
round(test$Dataset$ModelAICc, 1) == 4994.6 is not TRUE
`actual`: FALSE
`expected`: TRUE
── Failure ('testslidingwin.R:621:3'): lmer [lme4] models can run in slidingwin ──
round(test[[1]]$Dataset$deltaAICc[1], 1) == -55.3 is not TRUE
`actual`: <NA>
`expected`: TRUE
── Failure ('testslidingwin.R:622:3'): lmer [lme4] models can run in slidingwin ──
... & ... is not TRUE
`actual`: FALSE
`expected`: TRUE
── Failure ('testslidingwin.R:657:3'): lmer [lme4] models can run in slidingwin with cross-validation ──
round(test[[1]]$Dataset$deltaAICc[1], 1) == -26.3 is not TRUE
`actual`: FALSE
`expected`: TRUE
[ FAIL 5 | WARN 829 | SKIP 3 | PASS 792 ]
Error: Test failures
Execution halted
Flavor: r-devel-linux-x86_64-fedora-gcc