CRAN Package Check Results for Package clinspacy

Last updated on 2025-02-21 02:52:08 CET.

Flavor Version Tinstall Tcheck Ttotal Status Flags
r-devel-linux-x86_64-debian-clang 1.0.2 2.13 24.69 26.82 OK
r-devel-linux-x86_64-debian-gcc 1.0.2 1.67 19.18 20.85 OK
r-devel-linux-x86_64-fedora-clang 1.0.2 43.00 OK
r-devel-linux-x86_64-fedora-gcc 1.0.2 42.72 OK
r-devel-macos-arm64 1.0.2 18.00 OK
r-devel-macos-x86_64 1.0.2 28.00 OK
r-devel-windows-x86_64 1.0.2 4.00 46.00 50.00 OK
r-patched-linux-x86_64 1.0.2 2.67 22.87 25.54 NOTE
r-release-linux-x86_64 1.0.2 2.36 23.22 25.58 NOTE
r-release-macos-arm64 1.0.2 19.00 NOTE
r-release-macos-x86_64 1.0.2 25.00 NOTE
r-release-windows-x86_64 1.0.2 3.00 45.00 48.00 NOTE
r-oldrel-macos-arm64 1.0.2 19.00 NOTE
r-oldrel-macos-x86_64 1.0.2 25.00 NOTE
r-oldrel-windows-x86_64 1.0.2 4.00 55.00 59.00 NOTE

Check Details

Version: 1.0.2
Check: LazyData
Result: NOTE 'LazyData' is specified without a 'data' directory Flavors: r-patched-linux-x86_64, r-release-linux-x86_64, r-release-macos-arm64, r-release-macos-x86_64, r-release-windows-x86_64, r-oldrel-macos-arm64, r-oldrel-macos-x86_64, r-oldrel-windows-x86_64