CRAN Package Check Results for Package clintrialx

Last updated on 2025-02-21 02:52:08 CET.

Flavor Version Tinstall Tcheck Ttotal Status Flags
r-devel-linux-x86_64-debian-clang 0.1.0 6.68 56.72 63.40 OK
r-devel-linux-x86_64-debian-gcc 0.1.0 4.95 40.70 45.65 OK
r-devel-linux-x86_64-fedora-clang 0.1.0 111.97 NOTE
r-devel-linux-x86_64-fedora-gcc 0.1.0 110.64 NOTE
r-devel-macos-arm64 0.1.0 48.00 OK
r-devel-macos-x86_64 0.1.0 70.00 OK
r-devel-windows-x86_64 0.1.0 8.00 78.00 86.00 OK
r-patched-linux-x86_64 0.1.0 5.31 51.20 56.51 OK
r-release-linux-x86_64 0.1.0 6.06 52.26 58.32 OK
r-release-macos-arm64 0.1.0 47.00 OK
r-release-macos-x86_64 0.1.0 115.00 OK
r-release-windows-x86_64 0.1.0 9.00 74.00 83.00 OK
r-oldrel-macos-arm64 0.1.0 51.00 OK
r-oldrel-macos-x86_64 0.1.0 80.00 OK
r-oldrel-windows-x86_64 0.1.0 11.00 85.00 96.00 OK

Additional issues

donttest

Check Details

Version: 0.1.0
Check: dependencies in R code
Result: NOTE Namespace in Imports field not imported from: ‘xfun’ All declared Imports should be used. Flavors: r-devel-linux-x86_64-fedora-clang, r-devel-linux-x86_64-fedora-gcc