Last updated on 2025-02-20 14:50:48 CET.
Flavor | Version | Tinstall | Tcheck | Ttotal | Status | Flags |
---|---|---|---|---|---|---|
r-devel-linux-x86_64-debian-clang | 1.2.0 | 1.44 | 16.93 | 18.37 | OK | |
r-devel-linux-x86_64-debian-gcc | 1.2.0 | 1.25 | 13.70 | 14.95 | OK | |
r-devel-linux-x86_64-fedora-clang | 1.2.0 | 28.86 | OK | |||
r-devel-linux-x86_64-fedora-gcc | 1.2.0 | 30.01 | OK | |||
r-devel-macos-arm64 | 1.2.0 | 14.00 | OK | |||
r-devel-macos-x86_64 | 1.2.0 | 29.00 | OK | |||
r-devel-windows-x86_64 | 1.2.0 | 3.00 | 40.00 | 43.00 | OK | |
r-patched-linux-x86_64 | 1.2.0 | 1.45 | 16.29 | 17.74 | OK | |
r-release-linux-x86_64 | 1.2.0 | 1.47 | 16.00 | 17.47 | OK | |
r-release-macos-arm64 | 1.2.0 | 20.00 | OK | |||
r-release-macos-x86_64 | 1.2.0 | 19.00 | OK | |||
r-release-windows-x86_64 | 1.2.0 | 3.00 | 3.00 | 6.00 | FAIL | |
r-oldrel-macos-arm64 | 1.2.0 | 15.00 | OK | |||
r-oldrel-macos-x86_64 | 1.2.0 | 19.00 | OK | |||
r-oldrel-windows-x86_64 | 1.2.0 | 3.00 | 40.00 | 43.00 | OK |
Version: 1.2.0
Check: package dependencies
Result: FAIL
Flavor: r-release-windows-x86_64