Last updated on 2025-02-16 14:50:28 CET.
Flavor | Version | Tinstall | Tcheck | Ttotal | Status | Flags |
---|---|---|---|---|---|---|
r-devel-linux-x86_64-debian-clang | 0.6.1 | 3.62 | 31.40 | 35.02 | NOTE | |
r-devel-linux-x86_64-debian-gcc | 0.6.1 | 2.43 | 24.33 | 26.76 | NOTE | |
r-devel-linux-x86_64-fedora-clang | 0.6.1 | 61.46 | OK | |||
r-devel-linux-x86_64-fedora-gcc | 0.6.1 | 88.07 | OK | |||
r-devel-macos-arm64 | 0.6.1 | 37.00 | OK | |||
r-devel-macos-x86_64 | 0.6.1 | 64.00 | OK | |||
r-devel-windows-x86_64 | 0.6.1 | 6.00 | 60.00 | 66.00 | NOTE | |
r-patched-linux-x86_64 | 0.6.1 | 6.37 | 29.58 | 35.95 | NOTE | |
r-release-linux-x86_64 | 0.6.1 | 3.48 | 29.77 | 33.25 | NOTE | |
r-release-macos-arm64 | 0.6.1 | 34.00 | NOTE | |||
r-release-macos-x86_64 | 0.6.1 | 48.00 | NOTE | |||
r-release-windows-x86_64 | 0.6.1 | 6.00 | 55.00 | 61.00 | NOTE | |
r-oldrel-macos-arm64 | 0.6.1 | 34.00 | NOTE | |||
r-oldrel-macos-x86_64 | 0.6.1 | 45.00 | NOTE | |||
r-oldrel-windows-x86_64 | 0.6.1 | 6.00 | 76.00 | 82.00 | NOTE |
Version: 0.6.1
Check: Rd cross-references
Result: NOTE
Found the following Rd file(s) with Rd \link{} targets missing package
anchors:
cloudml_train.Rd: flags
Please provide package anchors for all Rd \link{} targets not in the
package itself and the base packages.
Flavors: r-devel-linux-x86_64-debian-clang, r-devel-linux-x86_64-debian-gcc, r-devel-windows-x86_64
Version: 0.6.1
Check: LazyData
Result: NOTE
'LazyData' is specified without a 'data' directory
Flavors: r-patched-linux-x86_64, r-release-linux-x86_64, r-release-macos-arm64, r-release-macos-x86_64, r-release-windows-x86_64, r-oldrel-macos-arm64, r-oldrel-macos-x86_64, r-oldrel-windows-x86_64