Last updated on 2025-02-21 02:52:08 CET.
Flavor | Version | Tinstall | Tcheck | Ttotal | Status | Flags |
---|---|---|---|---|---|---|
r-devel-linux-x86_64-debian-clang | 0.1.0 | 190.22 | 1267.85 | 1458.07 | OK | |
r-devel-linux-x86_64-debian-gcc | 0.1.0 | 169.01 | 882.09 | 1051.10 | OK | |
r-devel-linux-x86_64-fedora-clang | 0.1.0 | 991.69 | OK | |||
r-devel-linux-x86_64-fedora-gcc | 0.1.0 | 3010.51 | ERROR | |||
r-devel-macos-arm64 | 0.1.0 | 314.00 | OK | |||
r-devel-macos-x86_64 | 0.1.0 | 726.00 | OK | |||
r-devel-windows-x86_64 | 0.1.0 | 185.00 | 725.00 | 910.00 | OK | |
r-patched-linux-x86_64 | 0.1.0 | 210.68 | 1304.18 | 1514.86 | OK | |
r-release-linux-x86_64 | 0.1.0 | 210.76 | 1301.57 | 1512.33 | OK | |
r-release-macos-arm64 | 0.1.0 | 309.00 | NOTE | |||
r-release-macos-x86_64 | 0.1.0 | 485.00 | NOTE | |||
r-release-windows-x86_64 | 0.1.0 | 189.00 | 727.00 | 916.00 | OK | |
r-oldrel-macos-arm64 | 0.1.0 | 293.00 | NOTE | |||
r-oldrel-macos-x86_64 | 0.1.0 | 523.00 | NOTE | |||
r-oldrel-windows-x86_64 | 0.1.0 | 262.00 | 729.00 | 991.00 | OK |
Version: 0.1.0
Check: re-building of vignette outputs
Result: ERROR
Error(s) in re-building vignettes:
--- re-building ‘CovarianceStructure.Rmd’ using rmarkdown
** Processing: /data/gannet/ripley/R/packages/tests-devel/clustTMB.Rcheck/vign_test/clustTMB/vignettes/CovarianceStructure_files/figure-html/fig1-1.png
480x288 pixels, 3x8 bits/pixel, RGB
Input IDAT size = 76121 bytes
Input file size = 76307 bytes
Trying:
zc = 9 zm = 8 zs = 0 f = 0 IDAT size = 48934
zc = 9 zm = 8 zs = 1 f = 0
zc = 1 zm = 8 zs = 2 f = 0
zc = 9 zm = 8 zs = 3 f = 0
zc = 9 zm = 8 zs = 0 f = 5
zc = 9 zm = 8 zs = 1 f = 5
zc = 1 zm = 8 zs = 2 f = 5
zc = 9 zm = 8 zs = 3 f = 5
Selecting parameters:
zc = 9 zm = 8 zs = 0 f = 0 IDAT size = 48934
Output IDAT size = 48934 bytes (27187 bytes decrease)
Output file size = 49012 bytes (27295 bytes = 35.77% decrease)
--- finished re-building ‘CovarianceStructure.Rmd’
--- re-building ‘SpatialExMeuseData.Rmd’ using rmarkdown
** Processing: /data/gannet/ripley/R/packages/tests-devel/clustTMB.Rcheck/vign_test/clustTMB/vignettes/SpatialExMeuseData_files/figure-html/sample-1.png
576x384 pixels, 3x8 bits/pixel, RGB
Input IDAT size = 43472 bytes
Input file size = 43610 bytes
Trying:
zc = 9 zm = 8 zs = 0 f = 0 IDAT size = 30466
zc = 9 zm = 8 zs = 1 f = 0
zc = 1 zm = 8 zs = 2 f = 0
zc = 9 zm = 8 zs = 3 f = 0
zc = 9 zm = 8 zs = 0 f = 5
zc = 9 zm = 8 zs = 1 f = 5
zc = 1 zm = 8 zs = 2 f = 5
zc = 9 zm = 8 zs = 3 f = 5
Selecting parameters:
zc = 9 zm = 8 zs = 0 f = 0 IDAT size = 30466
Output IDAT size = 30466 bytes (13006 bytes decrease)
Output file size = 30544 bytes (13066 bytes = 29.96% decrease)
** Processing: /data/gannet/ripley/R/packages/tests-devel/clustTMB.Rcheck/vign_test/clustTMB/vignettes/SpatialExMeuseData_files/figure-html/pairs-expl-1.png
576x384 pixels, 8 bits/pixel, 256 colors in palette
Reducing image to 8 bits/pixel, grayscale
Input IDAT size = 24151 bytes
Input file size = 25033 bytes
Trying:
zc = 9 zm = 8 zs = 0 f = 0 IDAT size = 22370
zc = 9 zm = 8 zs = 1 f = 0
zc = 1 zm = 8 zs = 2 f = 0
zc = 9 zm = 8 zs = 3 f = 0
zc = 9 zm = 8 zs = 0 f = 5
zc = 9 zm = 8 zs = 1 f = 5
zc = 1 zm = 8 zs = 2 f = 5
zc = 9 zm = 8 zs = 3 f = 5
Selecting parameters:
zc = 9 zm = 8 zs = 0 f = 0 IDAT size = 22370
Output IDAT size = 22370 bytes (1781 bytes decrease)
Output file size = 22448 bytes (2585 bytes = 10.33% decrease)
** Processing: /data/gannet/ripley/R/packages/tests-devel/clustTMB.Rcheck/vign_test/clustTMB/vignettes/SpatialExMeuseData_files/figure-html/fig1-1.png
384x288 pixels, 3x8 bits/pixel, RGB
Input IDAT size = 68130 bytes
Input file size = 68304 bytes
Trying:
zc = 9 zm = 8 zs = 0 f = 0 IDAT size = 42335
zc = 9 zm = 8 zs = 1 f = 0
zc = 1 zm = 8 zs = 2 f = 0
zc = 9 zm = 8 zs = 3 f = 0
zc = 9 zm = 8 zs = 0 f = 5
zc = 9 zm = 8 zs = 1 f = 5
zc = 1 zm = 8 zs = 2 f = 5
zc = 9 zm = 8 zs = 3 f = 5
Selecting parameters:
zc = 9 zm = 8 zs = 0 f = 0 IDAT size = 42335
Output IDAT size = 42335 bytes (25795 bytes decrease)
Output file size = 42413 bytes (25891 bytes = 37.91% decrease)
SUMMARY: processing the following file failed:
‘SpatialExMeuseData.Rmd’
Error: Vignette re-building failed.
Execution halted
Flavor: r-devel-linux-x86_64-fedora-gcc
Version: 0.1.0
Check: installed package size
Result: NOTE
installed size is 84.4Mb
sub-directories of 1Mb or more:
libs 83.9Mb
Flavors: r-release-macos-arm64, r-release-macos-x86_64, r-oldrel-macos-arm64, r-oldrel-macos-x86_64