Last updated on 2025-02-21 02:52:08 CET.
Flavor | Version | Tinstall | Tcheck | Ttotal | Status | Flags |
---|---|---|---|---|---|---|
r-devel-linux-x86_64-debian-clang | 0.1.1 | 264.93 | 63.37 | 328.30 | OK | |
r-devel-linux-x86_64-debian-gcc | 0.1.1 | 196.43 | 47.47 | 243.90 | OK | |
r-devel-linux-x86_64-fedora-clang | 0.1.1 | 742.07 | OK | |||
r-devel-linux-x86_64-fedora-gcc | 0.1.1 | 662.67 | OK | |||
r-devel-macos-arm64 | 0.1.1 | 146.00 | OK | |||
r-devel-macos-x86_64 | 0.1.1 | 170.00 | OK | |||
r-devel-windows-x86_64 | 0.1.1 | 298.00 | 115.00 | 413.00 | OK | |
r-patched-linux-x86_64 | 0.1.1 | 278.25 | 60.75 | 339.00 | OK | |
r-release-linux-x86_64 | 0.1.1 | 271.65 | 60.31 | 331.96 | OK | |
r-release-macos-arm64 | 0.1.1 | 141.00 | NOTE | |||
r-release-macos-x86_64 | 0.1.1 | 150.00 | NOTE | |||
r-release-windows-x86_64 | 0.1.1 | 300.00 | 112.00 | 412.00 | OK | |
r-oldrel-macos-arm64 | 0.1.1 | 135.00 | NOTE | |||
r-oldrel-macos-x86_64 | 0.1.1 | 139.00 | NOTE | |||
r-oldrel-windows-x86_64 | 0.1.1 | 355.00 | 154.00 | 509.00 | OK |
Version: 0.1.1
Check: installed package size
Result: NOTE
installed size is 19.5Mb
sub-directories of 1Mb or more:
libs 19.1Mb
Flavors: r-release-macos-arm64, r-release-macos-x86_64, r-oldrel-macos-arm64, r-oldrel-macos-x86_64