CRAN Package Check Results for Package cmdfun

Last updated on 2025-02-21 02:52:08 CET.

Flavor Version Tinstall Tcheck Ttotal Status Flags
r-devel-linux-x86_64-debian-clang 1.0.2 2.12 29.71 31.83 OK
r-devel-linux-x86_64-debian-gcc 1.0.2 1.38 22.25 23.63 OK
r-devel-linux-x86_64-fedora-clang 1.0.2 53.23 OK
r-devel-linux-x86_64-fedora-gcc 1.0.2 64.01 OK
r-devel-macos-arm64 1.0.2 28.00 OK
r-devel-macos-x86_64 1.0.2 63.00 OK
r-devel-windows-x86_64 1.0.2 5.00 52.00 57.00 OK
r-patched-linux-x86_64 1.0.2 2.69 28.31 31.00 NOTE
r-release-linux-x86_64 1.0.2 1.72 28.22 29.94 NOTE
r-release-macos-arm64 1.0.2 27.00 NOTE
r-release-macos-x86_64 1.0.2 38.00 NOTE
r-release-windows-x86_64 1.0.2 4.00 53.00 57.00 NOTE
r-oldrel-macos-arm64 1.0.2 27.00 NOTE
r-oldrel-macos-x86_64 1.0.2 39.00 NOTE
r-oldrel-windows-x86_64 1.0.2 5.00 62.00 67.00 NOTE

Check Details

Version: 1.0.2
Check: LazyData
Result: NOTE 'LazyData' is specified without a 'data' directory Flavors: r-patched-linux-x86_64, r-release-linux-x86_64, r-release-macos-arm64, r-release-macos-x86_64, r-release-windows-x86_64, r-oldrel-macos-arm64, r-oldrel-macos-x86_64, r-oldrel-windows-x86_64