Last updated on 2025-02-21 02:52:08 CET.
Flavor | Version | Tinstall | Tcheck | Ttotal | Status | Flags |
---|---|---|---|---|---|---|
r-devel-linux-x86_64-debian-clang | 0.1.2 | 26.94 | 57.50 | 84.44 | NOTE | |
r-devel-linux-x86_64-debian-gcc | 0.1.2 | 19.68 | 42.51 | 62.19 | NOTE | |
r-devel-linux-x86_64-fedora-clang | 0.1.2 | 146.85 | NOTE | |||
r-devel-linux-x86_64-fedora-gcc | 0.1.2 | 134.94 | NOTE | |||
r-devel-macos-arm64 | 0.1.2 | 41.00 | NOTE | |||
r-devel-macos-x86_64 | 0.1.2 | 72.00 | NOTE | |||
r-devel-windows-x86_64 | 0.1.2 | 31.00 | 89.00 | 120.00 | NOTE | |
r-patched-linux-x86_64 | 0.1.2 | 26.82 | 53.39 | 80.21 | NOTE | |
r-release-linux-x86_64 | 0.1.2 | 27.09 | 53.56 | 80.65 | NOTE | |
r-release-macos-arm64 | 0.1.2 | 44.00 | NOTE | |||
r-release-macos-x86_64 | 0.1.2 | 56.00 | NOTE | |||
r-release-windows-x86_64 | 0.1.2 | 32.00 | 84.00 | 116.00 | NOTE | |
r-oldrel-macos-arm64 | 0.1.2 | 48.00 | NOTE | |||
r-oldrel-macos-x86_64 | 0.1.2 | 74.00 | NOTE | |||
r-oldrel-windows-x86_64 | 0.1.2 | 38.00 | 102.00 | 140.00 | NOTE |
Version: 0.1.2
Check: C++ specification
Result: NOTE
Specified C++11: please drop specification unless essential
Flavors: r-devel-linux-x86_64-debian-clang, r-devel-linux-x86_64-debian-gcc, r-devel-linux-x86_64-fedora-clang, r-devel-linux-x86_64-fedora-gcc, r-devel-macos-arm64, r-devel-macos-x86_64, r-devel-windows-x86_64, r-patched-linux-x86_64, r-release-linux-x86_64, r-release-macos-arm64, r-release-macos-x86_64, r-release-windows-x86_64, r-oldrel-macos-arm64, r-oldrel-macos-x86_64, r-oldrel-windows-x86_64
Version: 0.1.2
Check: dependencies in R code
Result: NOTE
Namespace in Imports field not imported from: ‘MASS’
All declared Imports should be used.
Flavors: r-devel-linux-x86_64-fedora-clang, r-devel-linux-x86_64-fedora-gcc