Last updated on 2025-02-20 14:50:48 CET.
Flavor | Version | Tinstall | Tcheck | Ttotal | Status | Flags |
---|---|---|---|---|---|---|
r-devel-linux-x86_64-debian-clang | 0.1.5 | 27.24 | 28.36 | 55.60 | OK | |
r-devel-linux-x86_64-debian-gcc | 0.1.5 | 24.57 | 21.92 | 46.49 | OK | |
r-devel-linux-x86_64-fedora-clang | 0.1.5 | 89.76 | OK | |||
r-devel-linux-x86_64-fedora-gcc | 0.1.5 | 107.86 | OK | |||
r-devel-macos-arm64 | 0.1.5 | 42.00 | OK | |||
r-devel-macos-x86_64 | 0.1.5 | 65.00 | OK | |||
r-devel-windows-x86_64 | 0.1.5 | 33.00 | 70.00 | 103.00 | OK | |
r-patched-linux-x86_64 | 0.1.5 | 33.59 | 27.12 | 60.71 | OK | |
r-release-linux-x86_64 | 0.1.5 | 31.98 | 27.19 | 59.17 | OK | |
r-release-macos-arm64 | 0.1.5 | 34.00 | OK | |||
r-release-macos-x86_64 | 0.1.5 | 74.00 | OK | |||
r-release-windows-x86_64 | 0.1.5 | 33.00 | 3.00 | 36.00 | FAIL | |
r-oldrel-macos-arm64 | 0.1.5 | 34.00 | OK | |||
r-oldrel-macos-x86_64 | 0.1.5 | 70.00 | OK | |||
r-oldrel-windows-x86_64 | 0.1.5 | 40.00 | 98.00 | 138.00 | OK |
Version: 0.1.5
Check: package dependencies
Result: FAIL
Flavor: r-release-windows-x86_64