Last updated on 2025-02-20 14:50:48 CET.
Flavor | Version | Tinstall | Tcheck | Ttotal | Status | Flags |
---|---|---|---|---|---|---|
r-devel-linux-x86_64-debian-clang | 0.7.2 | 117.33 | 101.65 | 218.98 | OK | |
r-devel-linux-x86_64-debian-gcc | 0.7.2 | 80.25 | 72.73 | 152.98 | OK | |
r-devel-linux-x86_64-fedora-clang | 0.7.2 | 407.19 | OK | |||
r-devel-linux-x86_64-fedora-gcc | 0.7.2 | 396.53 | OK | |||
r-devel-macos-arm64 | 0.7.2 | 103.00 | OK | |||
r-devel-macos-x86_64 | 0.7.2 | 164.00 | OK | |||
r-devel-windows-x86_64 | 0.7.2 | 122.00 | 138.00 | 260.00 | OK | |
r-patched-linux-x86_64 | 0.7.2 | 115.47 | 94.49 | 209.96 | NOTE | |
r-release-linux-x86_64 | 0.7.2 | 114.58 | 93.33 | 207.91 | NOTE | |
r-release-macos-arm64 | 0.7.2 | 104.00 | NOTE | |||
r-release-macos-x86_64 | 0.7.2 | 124.00 | NOTE | |||
r-release-windows-x86_64 | 0.7.2 | 122.00 | 139.00 | 261.00 | NOTE | |
r-oldrel-macos-arm64 | 0.7.2 | 110.00 | NOTE | |||
r-oldrel-macos-x86_64 | 0.7.2 | 200.00 | NOTE | |||
r-oldrel-windows-x86_64 | 0.7.2 | 149.00 | 167.00 | 316.00 | NOTE |
Version: 0.7.2
Check: package dependencies
Result: NOTE
Package suggested but not available for checking: ‘PopGenome’
Flavors: r-patched-linux-x86_64, r-release-linux-x86_64, r-release-macos-arm64, r-release-macos-x86_64, r-release-windows-x86_64, r-oldrel-macos-arm64, r-oldrel-macos-x86_64, r-oldrel-windows-x86_64
Version: 0.7.2
Check: installed package size
Result: NOTE
installed size is 6.3Mb
sub-directories of 1Mb or more:
R 2.0Mb
libs 3.6Mb
Flavors: r-release-macos-arm64, r-release-macos-x86_64, r-oldrel-macos-arm64, r-oldrel-macos-x86_64