Last updated on 2025-02-18 02:50:33 CET.
Flavor | Version | Tinstall | Tcheck | Ttotal | Status | Flags |
---|---|---|---|---|---|---|
r-devel-linux-x86_64-debian-clang | 2.0.19 | 203.99 | 396.68 | 600.67 | OK | |
r-devel-linux-x86_64-debian-gcc | 2.0.19 | 152.06 | 260.62 | 412.68 | OK | |
r-devel-linux-x86_64-fedora-clang | 2.0.19 | 989.19 | OK | |||
r-devel-linux-x86_64-fedora-gcc | 2.0.19 | 1026.36 | OK | |||
r-devel-macos-arm64 | 2.0.19 | 269.00 | OK | |||
r-devel-macos-x86_64 | 2.0.19 | 474.00 | OK | |||
r-devel-windows-x86_64 | 2.0.19 | 175.00 | 443.00 | 618.00 | OK | |
r-patched-linux-x86_64 | 2.0.19 | 195.43 | 377.17 | 572.60 | OK | |
r-release-linux-x86_64 | 2.0.19 | 190.01 | 375.60 | 565.61 | OK | |
r-release-macos-arm64 | 2.0.19 | 278.00 | NOTE | |||
r-release-macos-x86_64 | 2.0.19 | 628.00 | NOTE | |||
r-release-windows-x86_64 | 2.0.19 | 176.00 | 451.00 | 627.00 | NOTE | |
r-oldrel-macos-arm64 | 2.0.19 | 280.00 | NOTE | |||
r-oldrel-macos-x86_64 | 2.0.19 | 502.00 | NOTE | |||
r-oldrel-windows-x86_64 | 2.0.19 | 189.00 | 503.00 | 692.00 | NOTE |
Version: 2.0.19
Check: installed package size
Result: NOTE
installed size is 22.3Mb
sub-directories of 1Mb or more:
R 1.1Mb
libs 19.2Mb
Flavors: r-release-macos-arm64, r-release-macos-x86_64, r-release-windows-x86_64, r-oldrel-macos-arm64, r-oldrel-macos-x86_64, r-oldrel-windows-x86_64