Last updated on 2025-02-21 02:52:08 CET.
Flavor | Version | Tinstall | Tcheck | Ttotal | Status | Flags |
---|---|---|---|---|---|---|
r-devel-linux-x86_64-debian-clang | 1.1.2 | 29.27 | 225.36 | 254.63 | NOTE | |
r-devel-linux-x86_64-debian-gcc | 1.1.2 | 23.41 | 155.23 | 178.64 | NOTE | |
r-devel-linux-x86_64-fedora-clang | 1.1.2 | 427.58 | NOTE | |||
r-devel-linux-x86_64-fedora-gcc | 1.1.2 | 397.38 | NOTE | |||
r-devel-macos-arm64 | 1.1.2 | 186.00 | OK | |||
r-devel-macos-x86_64 | 1.1.2 | 338.00 | NOTE | |||
r-devel-windows-x86_64 | 1.1.2 | 37.00 | 243.00 | 280.00 | NOTE | |
r-patched-linux-x86_64 | 1.1.2 | 32.49 | 198.88 | 231.37 | OK | |
r-release-linux-x86_64 | 1.1.2 | 33.02 | 199.50 | 232.52 | OK | |
r-release-macos-arm64 | 1.1.2 | 151.00 | OK | |||
r-release-macos-x86_64 | 1.1.2 | 198.00 | OK | |||
r-release-windows-x86_64 | 1.1.2 | 37.00 | 240.00 | 277.00 | OK | |
r-oldrel-macos-arm64 | 1.1.2 | 159.00 | OK | |||
r-oldrel-macos-x86_64 | 1.1.2 | 327.00 | OK | |||
r-oldrel-windows-x86_64 | 1.1.2 | 43.00 | 278.00 | 321.00 | OK |
Version: 1.1.2
Check: DESCRIPTION meta-information
Result: NOTE
Missing dependency on R >= 4.1.0 because package code uses the pipe
|> or function shorthand \(...) syntax added in R 4.1.0.
File(s) using such syntax:
‘simulate_populations.R’
Flavors: r-devel-linux-x86_64-debian-clang, r-devel-linux-x86_64-debian-gcc, r-devel-linux-x86_64-fedora-clang, r-devel-linux-x86_64-fedora-gcc, r-devel-macos-x86_64, r-devel-windows-x86_64