Last updated on 2025-05-17 02:53:17 CEST.
Flavor | Version | Tinstall | Tcheck | Ttotal | Status | Flags |
---|---|---|---|---|---|---|
r-devel-linux-x86_64-debian-clang | 0.1.0 | 4.84 | 37.93 | 42.77 | OK | |
r-devel-linux-x86_64-debian-gcc | 0.1.0 | 3.71 | 27.53 | 31.24 | OK | |
r-devel-linux-x86_64-fedora-clang | 0.1.0 | 69.08 | OK | |||
r-devel-linux-x86_64-fedora-gcc | 0.1.0 | 63.16 | OK | |||
r-devel-windows-x86_64 | 0.1.0 | 7.00 | 54.00 | 61.00 | OK | |
r-patched-linux-x86_64 | 0.1.0 | 4.51 | 36.50 | 41.01 | OK | |
r-release-linux-x86_64 | 0.1.0 | 5.03 | 35.97 | 41.00 | OK | |
r-release-macos-arm64 | 0.1.0 | 27.00 | OK | |||
r-release-macos-x86_64 | 0.1.0 | 39.00 | OK | |||
r-release-windows-x86_64 | 0.1.0 | 8.00 | 54.00 | 62.00 | OK | |
r-oldrel-macos-arm64 | 0.1.0 | 23.00 | NOTE | |||
r-oldrel-macos-x86_64 | 0.1.0 | 33.00 | NOTE | |||
r-oldrel-windows-x86_64 | 0.1.0 | 8.00 | 63.00 | 71.00 | NOTE |
Version: 0.1.0
Check: LazyData
Result: NOTE
'LazyData' is specified without a 'data' directory
Flavors: r-oldrel-macos-arm64, r-oldrel-macos-x86_64, r-oldrel-windows-x86_64