CRAN Package Check Results for Package colormap

Last updated on 2025-02-21 02:52:08 CET.

Flavor Version Tinstall Tcheck Ttotal Status Flags
r-devel-linux-x86_64-debian-clang 0.1.4 2.40 27.57 29.97 OK
r-devel-linux-x86_64-debian-gcc 0.1.4 1.72 22.59 24.31 OK
r-devel-linux-x86_64-fedora-clang 0.1.4 46.13 OK
r-devel-linux-x86_64-fedora-gcc 0.1.4 44.71 OK
r-devel-macos-arm64 0.1.4 21.00 OK
r-devel-macos-x86_64 0.1.4 35.00 OK
r-devel-windows-x86_64 0.1.4 4.00 53.00 57.00 OK
r-patched-linux-x86_64 0.1.4 2.35 26.70 29.05 NOTE
r-release-linux-x86_64 0.1.4 2.21 26.25 28.46 NOTE
r-release-macos-arm64 0.1.4 20.00 NOTE
r-release-macos-x86_64 0.1.4 28.00 NOTE
r-release-windows-x86_64 0.1.4 3.00 46.00 49.00 NOTE
r-oldrel-macos-arm64 0.1.4 20.00 NOTE
r-oldrel-macos-x86_64 0.1.4 28.00 NOTE
r-oldrel-windows-x86_64 0.1.4 4.00 48.00 52.00 NOTE

Check Details

Version: 0.1.4
Check: LazyData
Result: NOTE 'LazyData' is specified without a 'data' directory Flavors: r-patched-linux-x86_64, r-release-linux-x86_64, r-release-macos-arm64, r-release-macos-x86_64, r-release-windows-x86_64, r-oldrel-macos-arm64, r-oldrel-macos-x86_64, r-oldrel-windows-x86_64