CRAN Package Check Results for Package colorr

Last updated on 2025-02-18 02:50:33 CET.

Flavor Version Tinstall Tcheck Ttotal Status Flags
r-devel-linux-x86_64-debian-clang 1.0.0 1.53 16.86 18.39 OK
r-devel-linux-x86_64-debian-gcc 1.0.0 1.37 13.88 15.25 OK
r-devel-linux-x86_64-fedora-clang 1.0.0 30.17 OK
r-devel-linux-x86_64-fedora-gcc 1.0.0 27.37 OK
r-devel-macos-arm64 1.0.0 15.00 OK
r-devel-macos-x86_64 1.0.0 23.00 OK
r-devel-windows-x86_64 1.0.0 3.00 36.00 39.00 OK
r-patched-linux-x86_64 1.0.0 1.73 16.06 17.79 NOTE
r-release-linux-x86_64 1.0.0 1.66 15.77 17.43 NOTE
r-release-macos-arm64 1.0.0 19.00 NOTE
r-release-macos-x86_64 1.0.0 21.00 NOTE
r-release-windows-x86_64 1.0.0 3.00 36.00 39.00 NOTE
r-oldrel-macos-arm64 1.0.0 14.00 NOTE
r-oldrel-macos-x86_64 1.0.0 20.00 NOTE
r-oldrel-windows-x86_64 1.0.0 2.00 36.00 38.00 NOTE

Check Details

Version: 1.0.0
Check: LazyData
Result: NOTE 'LazyData' is specified without a 'data' directory Flavors: r-patched-linux-x86_64, r-release-linux-x86_64, r-release-macos-arm64, r-release-macos-x86_64, r-release-windows-x86_64, r-oldrel-macos-arm64, r-oldrel-macos-x86_64, r-oldrel-windows-x86_64