Last updated on 2025-02-20 14:50:48 CET.
Flavor | Version | Tinstall | Tcheck | Ttotal | Status | Flags |
---|---|---|---|---|---|---|
r-devel-linux-x86_64-debian-clang | 0.3.6 | 3.54 | 36.78 | 40.32 | OK | |
r-devel-linux-x86_64-debian-gcc | 0.3.6 | 2.29 | 26.68 | 28.97 | OK | |
r-devel-linux-x86_64-fedora-clang | 0.3.6 | 63.12 | OK | |||
r-devel-linux-x86_64-fedora-gcc | 0.3.6 | 60.38 | OK | |||
r-devel-macos-arm64 | 0.3.6 | 28.00 | OK | |||
r-devel-macos-x86_64 | 0.3.6 | 49.00 | OK | |||
r-devel-windows-x86_64 | 0.3.6 | 5.00 | 56.00 | 61.00 | OK | |
r-patched-linux-x86_64 | 0.3.6 | 3.61 | 34.97 | 38.58 | OK | |
r-release-linux-x86_64 | 0.3.6 | 3.29 | 34.91 | 38.20 | OK | |
r-release-macos-arm64 | 0.3.6 | 21.00 | OK | |||
r-release-macos-x86_64 | 0.3.6 | 33.00 | OK | |||
r-release-windows-x86_64 | 0.3.6 | 5.00 | 3.00 | 8.00 | FAIL | |
r-oldrel-macos-arm64 | 0.3.6 | 21.00 | OK | |||
r-oldrel-macos-x86_64 | 0.3.6 | 30.00 | OK | |||
r-oldrel-windows-x86_64 | 0.3.6 | 6.00 | 81.00 | 87.00 | OK |
Version: 0.3.6
Check: package dependencies
Result: FAIL
Flavor: r-release-windows-x86_64