Last updated on 2025-02-21 02:52:08 CET.
Flavor | Version | Tinstall | Tcheck | Ttotal | Status | Flags |
---|---|---|---|---|---|---|
r-devel-linux-x86_64-debian-clang | 0.8 | 10.34 | 74.87 | 85.21 | NOTE | |
r-devel-linux-x86_64-debian-gcc | 0.8 | 7.33 | 51.24 | 58.57 | NOTE | |
r-devel-linux-x86_64-fedora-clang | 0.8 | 136.85 | NOTE | |||
r-devel-linux-x86_64-fedora-gcc | 0.8 | 129.38 | NOTE | |||
r-devel-macos-arm64 | 0.8 | 40.00 | OK | |||
r-devel-macos-x86_64 | 0.8 | 71.00 | NOTE | |||
r-devel-windows-x86_64 | 0.8 | 12.00 | 92.00 | 104.00 | NOTE | |
r-patched-linux-x86_64 | 0.8 | 10.15 | 71.69 | 81.84 | OK | |
r-release-linux-x86_64 | 0.8 | 10.62 | 71.54 | 82.16 | OK | |
r-release-macos-arm64 | 0.8 | 41.00 | OK | |||
r-release-macos-x86_64 | 0.8 | 88.00 | OK | |||
r-release-windows-x86_64 | 0.8 | 14.00 | 93.00 | 107.00 | OK | |
r-oldrel-macos-arm64 | 0.8 | 43.00 | OK | |||
r-oldrel-macos-x86_64 | 0.8 | 79.00 | OK | |||
r-oldrel-windows-x86_64 | 0.8 | 16.00 | 105.00 | 121.00 | OK |
Version: 0.8
Check: DESCRIPTION meta-information
Result: NOTE
Missing dependency on R >= 4.1.0 because package code uses the pipe
|> or function shorthand \(...) syntax added in R 4.1.0.
File(s) using such syntax:
‘c4a_plot_hcl_space.R’ ‘c4a_table.R’
Flavors: r-devel-linux-x86_64-debian-clang, r-devel-linux-x86_64-debian-gcc, r-devel-linux-x86_64-fedora-clang, r-devel-linux-x86_64-fedora-gcc, r-devel-macos-x86_64, r-devel-windows-x86_64