Last updated on 2025-02-20 14:50:48 CET.
Flavor | Version | Tinstall | Tcheck | Ttotal | Status | Flags |
---|---|---|---|---|---|---|
r-devel-linux-x86_64-debian-clang | 1.0.0 | 6.18 | 52.46 | 58.64 | OK | |
r-devel-linux-x86_64-debian-gcc | 1.0.0 | 4.73 | 38.10 | 42.83 | OK | |
r-devel-linux-x86_64-fedora-clang | 1.0.0 | 92.51 | OK | |||
r-devel-linux-x86_64-fedora-gcc | 1.0.0 | 88.49 | OK | |||
r-devel-macos-arm64 | 1.0.0 | 30.00 | OK | |||
r-devel-macos-x86_64 | 1.0.0 | 54.00 | OK | |||
r-devel-windows-x86_64 | 1.0.0 | 7.00 | 66.00 | 73.00 | OK | |
r-patched-linux-x86_64 | 1.0.0 | 5.59 | 46.92 | 52.51 | OK | |
r-release-linux-x86_64 | 1.0.0 | 5.52 | 47.02 | 52.54 | OK | |
r-release-macos-arm64 | 1.0.0 | 29.00 | OK | |||
r-release-macos-x86_64 | 1.0.0 | 44.00 | OK | |||
r-release-windows-x86_64 | 1.0.0 | 7.00 | 3.00 | 10.00 | FAIL | |
r-oldrel-macos-arm64 | 1.0.0 | 29.00 | OK | |||
r-oldrel-macos-x86_64 | 1.0.0 | 43.00 | OK | |||
r-oldrel-windows-x86_64 | 1.0.0 | 9.00 | 69.00 | 78.00 | OK |
Version: 1.0.0
Check: package dependencies
Result: FAIL
Flavor: r-release-windows-x86_64