Last updated on 2025-02-21 02:52:08 CET.
Flavor | Version | Tinstall | Tcheck | Ttotal | Status | Flags |
---|---|---|---|---|---|---|
r-devel-linux-x86_64-debian-clang | 1.1.0 | 10.43 | 44.30 | 54.73 | OK | |
r-devel-linux-x86_64-debian-gcc | 1.1.0 | 8.29 | 33.73 | 42.02 | OK | |
r-devel-linux-x86_64-fedora-clang | 1.1.0 | 85.87 | OK | |||
r-devel-linux-x86_64-fedora-gcc | 1.1.0 | 97.27 | OK | |||
r-devel-macos-arm64 | 1.1.0 | 41.00 | OK | |||
r-devel-macos-x86_64 | 1.1.0 | 78.00 | OK | |||
r-devel-windows-x86_64 | 1.1.0 | 14.00 | 65.00 | 79.00 | OK | |
r-patched-linux-x86_64 | 1.1.0 | 10.14 | 41.26 | 51.40 | OK | |
r-release-linux-x86_64 | 1.1.0 | 10.22 | 41.64 | 51.86 | OK | |
r-release-macos-arm64 | 1.1.0 | 39.00 | OK | |||
r-release-macos-x86_64 | 1.1.0 | 59.00 | OK | |||
r-release-windows-x86_64 | 1.1.0 | 14.00 | 71.00 | 85.00 | OK | |
r-oldrel-macos-arm64 | 1.1.0 | 41.00 | NOTE | |||
r-oldrel-macos-x86_64 | 1.1.0 | 63.00 | OK | |||
r-oldrel-windows-x86_64 | 1.1.0 | 19.00 | 96.00 | 115.00 | OK |
Version: 1.1.0
Check: installed package size
Result: NOTE
installed size is 5.2Mb
sub-directories of 1Mb or more:
data 4.9Mb
Flavor: r-oldrel-macos-arm64