Last updated on 2025-02-21 02:52:08 CET.
Flavor | Version | Tinstall | Tcheck | Ttotal | Status | Flags |
---|---|---|---|---|---|---|
r-devel-linux-x86_64-debian-clang | 1.0.6 | 437.67 | 176.48 | 614.15 | OK | |
r-devel-linux-x86_64-debian-gcc | 1.0.6 | 429.04 | 165.41 | 594.45 | OK | |
r-devel-linux-x86_64-fedora-clang | 1.0.6 | 988.64 | OK | |||
r-devel-linux-x86_64-fedora-gcc | 1.0.6 | 1337.90 | OK | |||
r-devel-macos-arm64 | 1.0.6 | 245.00 | OK | |||
r-devel-macos-x86_64 | 1.0.6 | 349.00 | OK | |||
r-devel-windows-x86_64 | 1.0.6 | 440.00 | 220.00 | 660.00 | OK | |
r-patched-linux-x86_64 | 1.0.6 | 540.23 | 215.62 | 755.85 | NOTE | |
r-release-linux-x86_64 | 1.0.6 | 559.22 | 215.30 | 774.52 | NOTE | |
r-release-macos-arm64 | 1.0.6 | 141.00 | NOTE | |||
r-release-macos-x86_64 | 1.0.6 | 152.00 | NOTE | |||
r-release-windows-x86_64 | 1.0.6 | 444.00 | 215.00 | 659.00 | NOTE | |
r-oldrel-macos-arm64 | 1.0.6 | 231.00 | NOTE | |||
r-oldrel-macos-x86_64 | 1.0.6 | 290.00 | NOTE | |||
r-oldrel-windows-x86_64 | 1.0.6 | 586.00 | 263.00 | 849.00 | NOTE |
Version: 1.0.6
Check: for GNU extensions in Makefiles
Result: NOTE
GNU make is a SystemRequirements.
Flavors: r-patched-linux-x86_64, r-release-linux-x86_64, r-release-macos-arm64, r-release-macos-x86_64, r-release-windows-x86_64, r-oldrel-macos-arm64, r-oldrel-macos-x86_64, r-oldrel-windows-x86_64
Version: 1.0.6
Check: installed package size
Result: NOTE
installed size is 101.0Mb
sub-directories of 1Mb or more:
libs 99.8Mb
Flavors: r-release-macos-arm64, r-release-macos-x86_64, r-release-windows-x86_64, r-oldrel-macos-arm64, r-oldrel-macos-x86_64, r-oldrel-windows-x86_64