Last updated on 2025-02-21 02:52:08 CET.
Flavor | Version | Tinstall | Tcheck | Ttotal | Status | Flags |
---|---|---|---|---|---|---|
r-devel-linux-x86_64-debian-clang | 0.1.2 | 9.90 | 113.41 | 123.31 | OK | |
r-devel-linux-x86_64-debian-gcc | 0.1.2 | 6.52 | 76.84 | 83.36 | OK | |
r-devel-linux-x86_64-fedora-clang | 0.1.2 | 194.24 | OK | |||
r-devel-linux-x86_64-fedora-gcc | 0.1.2 | 194.91 | OK | |||
r-devel-macos-arm64 | 0.1.2 | 63.00 | OK | |||
r-devel-macos-x86_64 | 0.1.2 | 134.00 | OK | |||
r-devel-windows-x86_64 | 0.1.2 | 12.00 | 121.00 | 133.00 | OK | |
r-patched-linux-x86_64 | 0.1.2 | 8.87 | 101.80 | 110.67 | OK | |
r-release-linux-x86_64 | 0.1.2 | 8.81 | 102.45 | 111.26 | OK | |
r-release-macos-arm64 | 0.1.2 | 58.00 | OK | |||
r-release-macos-x86_64 | 0.1.2 | 96.00 | OK | |||
r-release-windows-x86_64 | 0.1.2 | 11.00 | 117.00 | 128.00 | OK | |
r-oldrel-macos-arm64 | 0.1.2 | 66.00 | OK | |||
r-oldrel-macos-x86_64 | 0.1.2 | 93.00 | NOTE | |||
r-oldrel-windows-x86_64 | 0.1.2 | 15.00 | 151.00 | 166.00 | OK |
Version: 0.1.2
Check: package dependencies
Result: NOTE
Packages suggested but not available for checking:
'scagnostics', 'parsnip', 'C50', 'bartMachine', 'caret'
Flavor: r-oldrel-macos-x86_64