Last updated on 2025-02-18 02:50:33 CET.
Flavor | Version | Tinstall | Tcheck | Ttotal | Status | Flags |
---|---|---|---|---|---|---|
r-devel-linux-x86_64-debian-clang | 1.9.1 | 13.34 | 163.02 | 176.36 | NOTE | |
r-devel-linux-x86_64-debian-gcc | 1.9.1 | 10.68 | 115.46 | 126.14 | NOTE | |
r-devel-linux-x86_64-fedora-clang | 1.9.1 | 310.94 | OK | |||
r-devel-linux-x86_64-fedora-gcc | 1.9.1 | 293.27 | OK | |||
r-devel-macos-arm64 | 1.9.1 | 87.00 | OK | |||
r-devel-macos-x86_64 | 1.9.1 | 162.00 | OK | |||
r-devel-windows-x86_64 | 1.9.1 | 18.00 | 175.00 | 193.00 | NOTE | |
r-patched-linux-x86_64 | 1.9.1 | 17.02 | 154.76 | 171.78 | OK | |
r-release-linux-x86_64 | 1.9.1 | 15.06 | 155.93 | 170.99 | OK | |
r-release-macos-arm64 | 1.9.1 | 92.00 | OK | |||
r-release-macos-x86_64 | 1.9.1 | 129.00 | OK | |||
r-release-windows-x86_64 | 1.9.1 | 17.00 | 179.00 | 196.00 | OK | |
r-oldrel-macos-arm64 | 1.9.1 | 100.00 | OK | |||
r-oldrel-macos-x86_64 | 1.9.1 | 244.00 | OK | |||
r-oldrel-windows-x86_64 | 1.9.1 | 22.00 | 219.00 | 241.00 | OK |
Version: 1.9.1
Check: Rd cross-references
Result: NOTE
Found the following Rd file(s) with Rd \link{} targets missing package
anchors:
km.outcomes.Rd: survfit
km.pmf.Rd: survfit
km.support.Rd: survfit
km.surv.Rd: survfit
Please provide package anchors for all Rd \link{} targets not in the
package itself and the base packages.
Flavors: r-devel-linux-x86_64-debian-clang, r-devel-linux-x86_64-debian-gcc, r-devel-windows-x86_64