Last updated on 2025-02-21 02:52:08 CET.
Flavor | Version | Tinstall | Tcheck | Ttotal | Status | Flags |
---|---|---|---|---|---|---|
r-devel-linux-x86_64-debian-clang | 0.1.1 | 3.91 | 28.57 | 32.48 | OK | |
r-devel-linux-x86_64-debian-gcc | 0.1.1 | 3.09 | 22.69 | 25.78 | OK | |
r-devel-linux-x86_64-fedora-clang | 0.1.1 | 51.66 | NOTE | |||
r-devel-linux-x86_64-fedora-gcc | 0.1.1 | 80.34 | NOTE | |||
r-devel-macos-arm64 | 0.1.1 | 53.00 | OK | |||
r-devel-macos-x86_64 | 0.1.1 | 89.00 | OK | |||
r-devel-windows-x86_64 | 0.1.1 | 6.00 | 63.00 | 69.00 | OK | |
r-patched-linux-x86_64 | 0.1.1 | 3.88 | 27.25 | 31.13 | NOTE | |
r-release-linux-x86_64 | 0.1.1 | 3.66 | 27.12 | 30.78 | NOTE | |
r-release-macos-arm64 | 0.1.1 | 44.00 | NOTE | |||
r-release-macos-x86_64 | 0.1.1 | 75.00 | NOTE | |||
r-release-windows-x86_64 | 0.1.1 | 6.00 | 56.00 | 62.00 | NOTE | |
r-oldrel-macos-arm64 | 0.1.1 | 48.00 | NOTE | |||
r-oldrel-macos-x86_64 | 0.1.1 | 52.00 | NOTE | |||
r-oldrel-windows-x86_64 | 0.1.1 | 7.00 | 57.00 | 64.00 | NOTE |
Version: 0.1.1
Check: dependencies in R code
Result: NOTE
Namespace in Imports field not imported from: ‘R6’
All declared Imports should be used.
Flavors: r-devel-linux-x86_64-fedora-clang, r-devel-linux-x86_64-fedora-gcc
Version: 0.1.1
Check: LazyData
Result: NOTE
'LazyData' is specified without a 'data' directory
Flavors: r-patched-linux-x86_64, r-release-linux-x86_64, r-release-macos-arm64, r-release-macos-x86_64, r-release-windows-x86_64, r-oldrel-macos-arm64, r-oldrel-macos-x86_64, r-oldrel-windows-x86_64