CRAN Package Check Results for Package conformalbayes

Last updated on 2025-02-21 02:52:08 CET.

Flavor Version Tinstall Tcheck Ttotal Status Flags
r-devel-linux-x86_64-debian-clang 0.1.2 2.22 56.50 58.72 NOTE
r-devel-linux-x86_64-debian-gcc 0.1.2 1.74 42.68 44.42 NOTE
r-devel-linux-x86_64-fedora-clang 0.1.2 94.36 OK
r-devel-linux-x86_64-fedora-gcc 0.1.2 93.40 OK
r-devel-macos-arm64 0.1.2 35.00 OK
r-devel-macos-x86_64 0.1.2 45.00 ERROR
r-devel-windows-x86_64 0.1.2 4.00 75.00 79.00 NOTE
r-patched-linux-x86_64 0.1.2 7.48 55.03 62.51 OK
r-release-linux-x86_64 0.1.2 2.18 54.26 56.44 OK
r-release-macos-arm64 0.1.2 33.00 OK
r-release-macos-x86_64 0.1.2 51.00 OK
r-release-windows-x86_64 0.1.2 4.00 75.00 79.00 OK
r-oldrel-macos-arm64 0.1.2 32.00 OK
r-oldrel-macos-x86_64 0.1.2 53.00 OK
r-oldrel-windows-x86_64 0.1.2 5.00 90.00 95.00 OK

Check Details

Version: 0.1.2
Check: Rd cross-references
Result: NOTE Found the following Rd file(s) with Rd \link{} targets missing package anchors: loo_conformal.Rd: predictive_interval predictive_interval.conformal.Rd: posterior_predict Please provide package anchors for all Rd \link{} targets not in the package itself and the base packages. Flavors: r-devel-linux-x86_64-debian-clang, r-devel-linux-x86_64-debian-gcc, r-devel-windows-x86_64

Version: 0.1.2
Check: re-building of vignette outputs
Result: ERROR Error(s) in re-building vignettes: --- re-building ‘conformalbayes.Rmd’ using rmarkdown Quitting from lines 27-42 [data] (conformalbayes.Rmd) Error: processing vignette 'conformalbayes.Rmd' failed with diagnostics: there is no package called 'rstanarm' --- failed re-building ‘conformalbayes.Rmd’ SUMMARY: processing the following file failed: ‘conformalbayes.Rmd’ Error: Vignette re-building failed. Execution halted Flavor: r-devel-macos-x86_64