Last updated on 2024-05-21 14:57:05 CEST.
Flavor | Version | Tinstall | Tcheck | Ttotal | Status | Flags |
---|---|---|---|---|---|---|
r-devel-linux-x86_64-debian-clang | 0.1.0 | 4.20 | 37.12 | 41.32 | OK | |
r-devel-linux-x86_64-debian-gcc | 0.1.0 | 2.84 | 29.22 | 32.06 | OK | |
r-devel-linux-x86_64-fedora-clang | 0.1.0 | 54.28 | NOTE | |||
r-devel-linux-x86_64-fedora-gcc | 0.1.0 | 49.95 | NOTE | |||
r-devel-windows-x86_64 | 0.1.0 | 5.00 | 56.00 | 61.00 | OK | |
r-patched-linux-x86_64 | 0.1.0 | 2.74 | 36.00 | 38.74 | OK | |
r-release-linux-x86_64 | 0.1.0 | 2.85 | 36.79 | 39.64 | OK | |
r-release-macos-arm64 | 0.1.0 | 22.00 | OK | |||
r-release-windows-x86_64 | 0.1.0 | 7.00 | 55.00 | 62.00 | OK | |
r-oldrel-macos-arm64 | 0.1.0 | 22.00 | OK | |||
r-oldrel-macos-x86_64 | 0.1.0 | 28.00 | OK | |||
r-oldrel-windows-x86_64 | 0.1.0 | 6.00 | 54.00 | 60.00 | OK |
Version: 0.1.0
Check: dependencies in R code
Result: NOTE
Namespaces in Imports field not imported from:
‘DT’ ‘Hmisc’ ‘dplyr’ ‘foreign’ ‘lavaan’ ‘openxlsx’ ‘purrr’ ‘semTools’
‘shinyWidgets’ ‘stringr’ ‘summarytools’ ‘waiter’
All declared Imports should be used.
Flavors: r-devel-linux-x86_64-fedora-clang, r-devel-linux-x86_64-fedora-gcc