Last updated on 2025-05-17 02:53:17 CEST.
Flavor | Version | Tinstall | Tcheck | Ttotal | Status | Flags |
---|---|---|---|---|---|---|
r-devel-linux-x86_64-debian-clang | 1.0.4 | 6.94 | 53.80 | 60.74 | OK | |
r-devel-linux-x86_64-debian-gcc | 1.0.4 | 4.45 | 39.43 | 43.88 | OK | |
r-devel-linux-x86_64-fedora-clang | 1.0.4 | 100.46 | NOTE | |||
r-devel-linux-x86_64-fedora-gcc | 1.0.4 | 94.05 | NOTE | |||
r-devel-windows-x86_64 | 1.0.4 | 8.00 | 69.00 | 77.00 | OK | |
r-patched-linux-x86_64 | 1.0.4 | 6.32 | 50.85 | 57.17 | OK | |
r-release-linux-x86_64 | 1.0.4 | 6.88 | 50.79 | 57.67 | OK | |
r-release-macos-arm64 | 1.0.4 | 31.00 | OK | |||
r-release-macos-x86_64 | 1.0.4 | 70.00 | OK | |||
r-release-windows-x86_64 | 1.0.4 | 8.00 | 67.00 | 75.00 | OK | |
r-oldrel-macos-arm64 | 1.0.4 | 29.00 | OK | |||
r-oldrel-macos-x86_64 | 1.0.4 | 40.00 | OK | |||
r-oldrel-windows-x86_64 | 1.0.4 | 10.00 | 81.00 | 91.00 | OK |
Version: 1.0.4
Check: dependencies in R code
Result: NOTE
Namespaces in Imports field not imported from:
‘scales’ ‘sna’
All declared Imports should be used.
Flavors: r-devel-linux-x86_64-fedora-clang, r-devel-linux-x86_64-fedora-gcc