Last updated on 2025-02-21 02:52:08 CET.
Flavor | Version | Tinstall | Tcheck | Ttotal | Status | Flags |
---|---|---|---|---|---|---|
r-devel-linux-x86_64-debian-clang | 0.2.3 | 4.39 | 56.03 | 60.42 | NOTE | |
r-devel-linux-x86_64-debian-gcc | 0.2.3 | 3.81 | 40.02 | 43.83 | NOTE | |
r-devel-linux-x86_64-fedora-clang | 0.2.3 | 103.85 | NOTE | |||
r-devel-linux-x86_64-fedora-gcc | 0.2.3 | 92.21 | NOTE | |||
r-devel-macos-arm64 | 0.2.3 | 30.00 | NOTE | |||
r-devel-macos-x86_64 | 0.2.3 | 66.00 | NOTE | |||
r-devel-windows-x86_64 | 0.2.3 | 6.00 | 70.00 | 76.00 | NOTE | |
r-patched-linux-x86_64 | 0.2.3 | 5.50 | 52.83 | 58.33 | NOTE | |
r-release-linux-x86_64 | 0.2.3 | 5.30 | 54.11 | 59.41 | NOTE | |
r-release-macos-arm64 | 0.2.3 | 28.00 | NOTE | |||
r-release-macos-x86_64 | 0.2.3 | 54.00 | NOTE | |||
r-release-windows-x86_64 | 0.2.3 | 6.00 | 70.00 | 76.00 | NOTE | |
r-oldrel-macos-arm64 | 0.2.3 | 36.00 | OK | |||
r-oldrel-macos-x86_64 | 0.2.3 | 61.00 | OK | |||
r-oldrel-windows-x86_64 | 0.2.3 | 7.00 | 77.00 | 84.00 | OK |
Version: 0.2.3
Check: Rd files
Result: NOTE
checkRd: (-1) ComputeCope.Rd:50: Lost braces in \itemize; \value handles \item{}{} directly
checkRd: (-1) ComputeCope.Rd:52: Lost braces in \itemize; \value handles \item{}{} directly
checkRd: (-1) ComputeCope.Rd:53: Lost braces in \itemize; \value handles \item{}{} directly
checkRd: (-1) ComputeCope.Rd:54-56: Lost braces in \itemize; \value handles \item{}{} directly
checkRd: (-1) ComputeCope.Rd:57-61: Lost braces in \itemize; \value handles \item{}{} directly
checkRd: (-1) DrawContour.Rd:5: Lost braces; missing escapes or markup?
5 | \title{Draws the contour {f=c}.}
| ^
checkRd: (-1) DrawContour.Rd:20: Lost braces; missing escapes or markup?
20 | Draws the contour {f=c}.
| ^
checkRd: (-1) cope.Rd:24: Lost braces in \itemize; meant \describe ?
checkRd: (-1) cope.Rd:25: Lost braces in \itemize; meant \describe ?
checkRd: (-1) cope.Rd:33: Lost braces in \itemize; meant \describe ?
checkRd: (-1) cope.Rd:35: Lost braces in \itemize; meant \describe ?
Flavors: r-devel-linux-x86_64-debian-clang, r-devel-linux-x86_64-debian-gcc, r-devel-linux-x86_64-fedora-clang, r-devel-linux-x86_64-fedora-gcc, r-devel-macos-arm64, r-devel-macos-x86_64, r-devel-windows-x86_64, r-patched-linux-x86_64, r-release-linux-x86_64, r-release-macos-arm64, r-release-macos-x86_64, r-release-windows-x86_64