Last updated on 2024-05-21 02:54:22 CEST.
Flavor | Version | Tinstall | Tcheck | Ttotal | Status | Flags |
---|---|---|---|---|---|---|
r-devel-linux-x86_64-debian-clang | 0.1.3 | 6.53 | 33.83 | 40.36 | NOTE | |
r-devel-linux-x86_64-debian-gcc | 0.1.3 | 4.16 | 25.54 | 29.70 | NOTE | |
r-devel-linux-x86_64-fedora-clang | 0.1.3 | 52.08 | NOTE | |||
r-devel-linux-x86_64-fedora-gcc | 0.1.3 | 46.60 | NOTE | |||
r-devel-windows-x86_64 | 0.1.3 | 5.00 | 53.00 | 58.00 | NOTE | |
r-patched-linux-x86_64 | 0.1.3 | 6.63 | 31.32 | 37.95 | NOTE | |
r-release-linux-x86_64 | 0.1.3 | 5.12 | 31.90 | 37.02 | NOTE | |
r-release-macos-arm64 | 0.1.3 | 18.00 | NOTE | |||
r-release-windows-x86_64 | 0.1.3 | 6.00 | 53.00 | 59.00 | NOTE | |
r-oldrel-macos-arm64 | 0.1.3 | 19.00 | NOTE | |||
r-oldrel-macos-x86_64 | 0.1.3 | 27.00 | NOTE | |||
r-oldrel-windows-x86_64 | 0.1.3 | 7.00 | 55.00 | 62.00 | NOTE |
Version: 0.1.3
Check: LazyData
Result: NOTE
'LazyData' is specified without a 'data' directory
Flavors: r-devel-linux-x86_64-debian-clang, r-devel-linux-x86_64-debian-gcc, r-devel-linux-x86_64-fedora-clang, r-devel-linux-x86_64-fedora-gcc, r-devel-windows-x86_64, r-patched-linux-x86_64, r-release-linux-x86_64, r-release-macos-arm64, r-release-windows-x86_64, r-oldrel-macos-arm64, r-oldrel-macos-x86_64, r-oldrel-windows-x86_64