Last updated on 2024-05-21 14:57:05 CEST.
Flavor | Version | Tinstall | Tcheck | Ttotal | Status | Flags |
---|---|---|---|---|---|---|
r-devel-linux-x86_64-debian-clang | 0.1.1 | 45.37 | 28.01 | 73.38 | OK | |
r-devel-linux-x86_64-debian-gcc | 0.1.1 | 29.52 | 21.52 | 51.04 | OK | |
r-devel-linux-x86_64-fedora-clang | 0.1.1 | 109.78 | NOTE | |||
r-devel-linux-x86_64-fedora-gcc | 0.1.1 | 104.37 | NOTE | |||
r-devel-windows-x86_64 | 0.1.1 | 37.00 | 67.00 | 104.00 | OK | |
r-patched-linux-x86_64 | 0.1.1 | 38.24 | 26.75 | 64.99 | OK | |
r-release-linux-x86_64 | 0.1.1 | 44.67 | 26.52 | 71.19 | OK | |
r-release-macos-arm64 | 0.1.1 | 26.00 | OK | |||
r-release-windows-x86_64 | 0.1.1 | 38.00 | 60.00 | 98.00 | OK | |
r-oldrel-macos-arm64 | 0.1.1 | 28.00 | OK | |||
r-oldrel-macos-x86_64 | 0.1.1 | 44.00 | OK | |||
r-oldrel-windows-x86_64 | 0.1.1 | 45.00 | 66.00 | 111.00 | OK |
Version: 0.1.1
Check: compiled code
Result: NOTE
File ‘cord/libs/cord.so’:
Found no calls to: ‘R_registerRoutines’, ‘R_useDynamicSymbols’
It is good practice to register native routines and to disable symbol
search.
See ‘Writing portable packages’ in the ‘Writing R Extensions’ manual.
Flavors: r-devel-linux-x86_64-fedora-clang, r-devel-linux-x86_64-fedora-gcc