Last updated on 2025-02-21 02:52:08 CET.
Flavor | Version | Tinstall | Tcheck | Ttotal | Status | Flags |
---|---|---|---|---|---|---|
r-devel-linux-x86_64-debian-clang | 0.9.5 | 39.94 | 24.84 | 64.78 | NOTE | |
r-devel-linux-x86_64-debian-gcc | 0.9.5 | 27.78 | 19.45 | 47.23 | NOTE | |
r-devel-linux-x86_64-fedora-clang | 0.9.5 | 128.67 | OK | |||
r-devel-linux-x86_64-fedora-gcc | 0.9.5 | 112.92 | OK | |||
r-devel-macos-arm64 | 0.9.5 | 30.00 | OK | |||
r-devel-macos-x86_64 | 0.9.5 | 45.00 | OK | |||
r-devel-windows-x86_64 | 0.9.5 | 41.00 | 61.00 | 102.00 | NOTE | |
r-patched-linux-x86_64 | 0.9.5 | 39.54 | 23.61 | 63.15 | OK | |
r-release-linux-x86_64 | 0.9.5 | 38.69 | 23.78 | 62.47 | OK | |
r-release-macos-arm64 | 0.9.5 | 32.00 | OK | |||
r-release-macos-x86_64 | 0.9.5 | 39.00 | OK | |||
r-release-windows-x86_64 | 0.9.5 | 39.00 | 60.00 | 99.00 | OK | |
r-oldrel-macos-arm64 | 0.9.5 | 42.00 | OK | |||
r-oldrel-macos-x86_64 | 0.9.5 | 67.00 | OK | |||
r-oldrel-windows-x86_64 | 0.9.5 | 43.00 | 75.00 | 118.00 | OK |
Version: 0.9.5
Check: Rd cross-references
Result: NOTE
Found the following Rd file(s) with Rd \link{} targets missing package
anchors:
CoreCollection.Rd: R6Class
dot-CoreCollectionClass.Rd: R6Class
Please provide package anchors for all Rd \link{} targets not in the
package itself and the base packages.
Flavors: r-devel-linux-x86_64-debian-clang, r-devel-linux-x86_64-debian-gcc, r-devel-windows-x86_64