Last updated on 2025-02-21 02:52:08 CET.
Flavor | Version | Tinstall | Tcheck | Ttotal | Status | Flags |
---|---|---|---|---|---|---|
r-devel-linux-x86_64-debian-clang | 0.0.5 | 28.51 | 23.39 | 51.90 | OK | |
r-devel-linux-x86_64-debian-gcc | 0.0.5 | 19.45 | 19.15 | 38.60 | OK | |
r-devel-linux-x86_64-fedora-clang | 0.0.5 | 101.70 | OK | |||
r-devel-linux-x86_64-fedora-gcc | 0.0.5 | 89.41 | OK | |||
r-devel-macos-arm64 | 0.0.5 | 34.00 | OK | |||
r-devel-macos-x86_64 | 0.0.5 | 54.00 | OK | |||
r-devel-windows-x86_64 | 0.0.5 | 46.00 | 64.00 | 110.00 | OK | |
r-patched-linux-x86_64 | 0.0.5 | 26.30 | 22.36 | 48.66 | OK | |
r-release-linux-x86_64 | 0.0.5 | 25.86 | 22.27 | 48.13 | OK | |
r-release-macos-arm64 | 0.0.5 | 39.00 | NOTE | |||
r-release-macos-x86_64 | 0.0.5 | 73.00 | NOTE | |||
r-release-windows-x86_64 | 0.0.5 | 44.00 | 67.00 | 111.00 | OK | |
r-oldrel-macos-arm64 | 0.0.5 | 47.00 | NOTE | |||
r-oldrel-macos-x86_64 | 0.0.5 | 69.00 | NOTE | |||
r-oldrel-windows-x86_64 | 0.0.5 | 48.00 | 96.00 | 144.00 | OK |
Version: 0.0.5
Check: installed package size
Result: NOTE
installed size is 5.6Mb
sub-directories of 1Mb or more:
libs 2.8Mb
sample_data 2.6Mb
Flavors: r-release-macos-arm64, r-release-macos-x86_64, r-oldrel-macos-arm64, r-oldrel-macos-x86_64