Last updated on 2025-02-21 02:52:08 CET.
Flavor | Version | Tinstall | Tcheck | Ttotal | Status | Flags |
---|---|---|---|---|---|---|
r-devel-linux-x86_64-debian-clang | 0.0.2 | 2.41 | 38.52 | 40.93 | OK | |
r-devel-linux-x86_64-debian-gcc | 0.0.2 | 1.82 | 29.27 | 31.09 | OK | |
r-devel-linux-x86_64-fedora-clang | 0.0.2 | 65.31 | OK | |||
r-devel-linux-x86_64-fedora-gcc | 0.0.2 | 79.59 | OK | |||
r-devel-macos-arm64 | 0.0.2 | 32.00 | OK | |||
r-devel-macos-x86_64 | 0.0.2 | 63.00 | OK | |||
r-devel-windows-x86_64 | 0.0.2 | 3.00 | 89.00 | 92.00 | OK | |
r-patched-linux-x86_64 | 0.0.2 | 2.32 | 37.72 | 40.04 | NOTE | |
r-release-linux-x86_64 | 0.0.2 | 1.88 | 37.25 | 39.13 | NOTE | |
r-release-macos-x86_64 | 0.0.2 | 51.00 | NOTE | |||
r-release-windows-x86_64 | 0.0.2 | 3.00 | 89.00 | 92.00 | NOTE | |
r-oldrel-macos-arm64 | 0.0.2 | 36.00 | NOTE | |||
r-oldrel-macos-x86_64 | 0.0.2 | 60.00 | NOTE | |||
r-oldrel-windows-x86_64 | 0.0.2 | 3.00 | 83.00 | 86.00 | NOTE |
Version: 0.0.2
Check: LazyData
Result: NOTE
'LazyData' is specified without a 'data' directory
Flavors: r-patched-linux-x86_64, r-release-linux-x86_64, r-release-macos-x86_64, r-release-windows-x86_64, r-oldrel-macos-arm64, r-oldrel-macos-x86_64, r-oldrel-windows-x86_64