Last updated on 2025-02-21 02:52:08 CET.
Flavor | Version | Tinstall | Tcheck | Ttotal | Status | Flags |
---|---|---|---|---|---|---|
r-devel-linux-x86_64-debian-clang | 0.4.4 | 22.63 | 27.01 | 49.64 | OK | |
r-devel-linux-x86_64-debian-gcc | 0.4.4 | 21.97 | 23.38 | 45.35 | OK | |
r-devel-linux-x86_64-fedora-clang | 0.4.4 | 82.57 | OK | |||
r-devel-linux-x86_64-fedora-gcc | 0.4.4 | 96.71 | OK | |||
r-devel-macos-arm64 | 0.4.4 | 28.00 | OK | |||
r-devel-macos-x86_64 | 0.4.4 | 54.00 | OK | |||
r-devel-windows-x86_64 | 0.4.4 | 35.00 | 62.00 | 97.00 | OK | |
r-patched-linux-x86_64 | 0.4.4 | 27.21 | 27.96 | 55.17 | NOTE | |
r-release-linux-x86_64 | 0.4.4 | 27.22 | 27.85 | 55.07 | NOTE | |
r-release-macos-arm64 | 0.4.4 | 28.00 | NOTE | |||
r-release-macos-x86_64 | 0.4.4 | 44.00 | NOTE | |||
r-release-windows-x86_64 | 0.4.4 | 35.00 | 57.00 | 92.00 | NOTE | |
r-oldrel-macos-arm64 | 0.4.4 | 32.00 | NOTE | |||
r-oldrel-macos-x86_64 | 0.4.4 | 45.00 | NOTE | |||
r-oldrel-windows-x86_64 | 0.4.4 | 43.00 | 75.00 | 118.00 | NOTE |
Version: 0.4.4
Check: LazyData
Result: NOTE
'LazyData' is specified without a 'data' directory
Flavors: r-patched-linux-x86_64, r-release-linux-x86_64, r-release-macos-arm64, r-release-macos-x86_64, r-release-windows-x86_64, r-oldrel-macos-arm64, r-oldrel-macos-x86_64, r-oldrel-windows-x86_64
Version: 0.4.4
Check: installed package size
Result: NOTE
installed size is 13.5Mb
sub-directories of 1Mb or more:
libs 13.0Mb
Flavors: r-release-macos-arm64, r-release-macos-x86_64, r-oldrel-macos-arm64, r-oldrel-macos-x86_64