Last updated on 2025-02-20 14:50:48 CET.
Flavor | Version | Tinstall | Tcheck | Ttotal | Status | Flags |
---|---|---|---|---|---|---|
r-devel-linux-x86_64-debian-clang | 0.1.4 | 12.61 | 93.07 | 105.68 | OK | |
r-devel-linux-x86_64-debian-gcc | 0.1.4 | 9.27 | 67.84 | 77.11 | OK | |
r-devel-linux-x86_64-fedora-clang | 0.1.4 | 172.61 | NOTE | |||
r-devel-linux-x86_64-fedora-gcc | 0.1.4 | 159.75 | NOTE | |||
r-devel-macos-arm64 | 0.1.4 | 52.00 | OK | |||
r-devel-macos-x86_64 | 0.1.4 | 86.00 | OK | |||
r-devel-windows-x86_64 | 0.1.4 | 14.00 | 100.00 | 114.00 | OK | |
r-patched-linux-x86_64 | 0.1.4 | 12.28 | 87.76 | 100.04 | OK | |
r-release-linux-x86_64 | 0.1.4 | 10.28 | 85.40 | 95.68 | OK | |
r-release-macos-arm64 | 0.1.4 | 45.00 | OK | |||
r-release-macos-x86_64 | 0.1.4 | 80.00 | OK | |||
r-release-windows-x86_64 | 0.1.4 | 13.00 | 3.00 | 16.00 | FAIL | |
r-oldrel-macos-arm64 | 0.1.4 | 48.00 | OK | |||
r-oldrel-macos-x86_64 | 0.1.4 | 79.00 | OK | |||
r-oldrel-windows-x86_64 | 0.1.4 | 20.00 | 118.00 | 138.00 | OK |
Version: 0.1.4
Check: dependencies in R code
Result: NOTE
Namespaces in Imports field not imported from:
‘httr’ ‘stringr’
All declared Imports should be used.
Flavors: r-devel-linux-x86_64-fedora-clang, r-devel-linux-x86_64-fedora-gcc
Version: 0.1.4
Check: package dependencies
Result: FAIL
Flavor: r-release-windows-x86_64