Last updated on 2025-02-21 02:52:08 CET.
Flavor | Version | Tinstall | Tcheck | Ttotal | Status | Flags |
---|---|---|---|---|---|---|
r-devel-linux-x86_64-debian-clang | 1.0.0 | 21.42 | 23.76 | 45.18 | OK | |
r-devel-linux-x86_64-debian-gcc | 1.0.0 | 15.41 | 19.45 | 34.86 | OK | |
r-devel-linux-x86_64-fedora-clang | 1.0.0 | 76.01 | NOTE | |||
r-devel-linux-x86_64-fedora-gcc | 1.0.0 | 85.09 | NOTE | |||
r-devel-macos-arm64 | 1.0.0 | 43.00 | OK | |||
r-devel-macos-x86_64 | 1.0.0 | 71.00 | OK | |||
r-devel-windows-x86_64 | 1.0.0 | 90.00 | 49.00 | 139.00 | OK | |
r-patched-linux-x86_64 | 1.0.0 | 18.32 | 23.22 | 41.54 | OK | |
r-release-linux-x86_64 | 1.0.0 | 22.15 | 23.33 | 45.48 | OK | |
r-release-macos-arm64 | 1.0.0 | 39.00 | NOTE | |||
r-release-macos-x86_64 | 1.0.0 | 55.00 | NOTE | |||
r-release-windows-x86_64 | 1.0.0 | 73.00 | 48.00 | 121.00 | NOTE | |
r-oldrel-macos-arm64 | 1.0.0 | 42.00 | NOTE | |||
r-oldrel-macos-x86_64 | 1.0.0 | 77.00 | NOTE | |||
r-oldrel-windows-x86_64 | 1.0.0 | 79.00 | 51.00 | 130.00 | NOTE |
Version: 1.0.0
Check: dependencies in R code
Result: NOTE
Namespace in Imports field not imported from: ‘usethis’
All declared Imports should be used.
Flavors: r-devel-linux-x86_64-fedora-clang, r-devel-linux-x86_64-fedora-gcc
Version: 1.0.0
Check: installed package size
Result: NOTE
installed size is 5.9Mb
sub-directories of 1Mb or more:
help 4.7Mb
Flavors: r-release-macos-arm64, r-release-macos-x86_64, r-release-windows-x86_64, r-oldrel-macos-arm64, r-oldrel-macos-x86_64, r-oldrel-windows-x86_64