Last updated on 2024-05-21 02:54:22 CEST.
Flavor | Version | Tinstall | Tcheck | Ttotal | Status | Flags |
---|---|---|---|---|---|---|
r-devel-linux-x86_64-debian-clang | 1.0.0 | 3.61 | 203.37 | 206.98 | OK | |
r-devel-linux-x86_64-debian-gcc | 1.0.0 | 2.55 | 135.56 | 138.11 | OK | |
r-devel-linux-x86_64-fedora-clang | 1.0.0 | 254.35 | NOTE | |||
r-devel-linux-x86_64-fedora-gcc | 1.0.0 | 266.50 | NOTE | |||
r-devel-windows-x86_64 | 1.0.0 | 4.00 | 140.00 | 144.00 | OK | |
r-patched-linux-x86_64 | 1.0.0 | 3.36 | 195.85 | 199.21 | OK | |
r-release-linux-x86_64 | 1.0.0 | 2.66 | 197.66 | 200.32 | OK | |
r-release-macos-arm64 | 1.0.0 | 63.00 | OK | |||
r-release-windows-x86_64 | 1.0.0 | 4.00 | 144.00 | 148.00 | OK | |
r-oldrel-macos-arm64 | 1.0.0 | 72.00 | OK | |||
r-oldrel-macos-x86_64 | 1.0.0 | 98.00 | OK | |||
r-oldrel-windows-x86_64 | 1.0.0 | 4.00 | 135.00 | 139.00 | OK |
Version: 1.0.0
Check: dependencies in R code
Result: NOTE
Namespaces in Imports field not imported from:
‘Rcpp’ ‘gsl’
All declared Imports should be used.
Flavors: r-devel-linux-x86_64-fedora-clang, r-devel-linux-x86_64-fedora-gcc