Last updated on 2025-02-21 02:52:08 CET.
Flavor | Version | Tinstall | Tcheck | Ttotal | Status | Flags |
---|---|---|---|---|---|---|
r-devel-linux-x86_64-debian-clang | 1.0.3 | 29.95 | 147.05 | 177.00 | NOTE | |
r-devel-linux-x86_64-debian-gcc | 1.0.3 | 21.64 | 102.58 | 124.22 | NOTE | |
r-devel-linux-x86_64-fedora-clang | 1.0.3 | 291.99 | NOTE | |||
r-devel-linux-x86_64-fedora-gcc | 1.0.3 | 303.58 | NOTE | |||
r-devel-macos-arm64 | 1.0.3 | 88.00 | NOTE | |||
r-devel-macos-x86_64 | 1.0.3 | 204.00 | NOTE | |||
r-devel-windows-x86_64 | 1.0.3 | 33.00 | 164.00 | 197.00 | NOTE | |
r-patched-linux-x86_64 | 1.0.3 | 30.30 | 136.92 | 167.22 | NOTE | |
r-release-linux-x86_64 | 1.0.3 | 29.73 | 138.17 | 167.90 | NOTE | |
r-release-macos-arm64 | 1.0.3 | 85.00 | NOTE | |||
r-release-macos-x86_64 | 1.0.3 | 138.00 | NOTE | |||
r-release-windows-x86_64 | 1.0.3 | 33.00 | 165.00 | 198.00 | NOTE | |
r-oldrel-macos-arm64 | 1.0.3 | 93.00 | NOTE | |||
r-oldrel-macos-x86_64 | 1.0.3 | 167.00 | NOTE | |||
r-oldrel-windows-x86_64 | 1.0.3 | 41.00 | 203.00 | 244.00 | NOTE |
Version: 1.0.3
Check: C++ specification
Result: NOTE
Specified C++11: please drop specification unless essential
Flavors: r-devel-linux-x86_64-debian-clang, r-devel-linux-x86_64-debian-gcc, r-devel-linux-x86_64-fedora-clang, r-devel-linux-x86_64-fedora-gcc, r-devel-macos-arm64, r-devel-macos-x86_64, r-devel-windows-x86_64, r-patched-linux-x86_64, r-release-linux-x86_64, r-release-macos-arm64, r-release-macos-x86_64, r-release-windows-x86_64, r-oldrel-macos-arm64, r-oldrel-macos-x86_64, r-oldrel-windows-x86_64
Version: 1.0.3
Check: Rd files
Result: NOTE
checkRd: (-1) coxph.RT.Rd:57: Lost braces in \itemize; \value handles \item{}{} directly
checkRd: (-1) coxph.RT.Rd:58: Lost braces in \itemize; \value handles \item{}{} directly
checkRd: (-1) coxph.RT.Rd:59-71: Lost braces in \itemize; \value handles \item{}{} directly
Flavors: r-devel-linux-x86_64-debian-clang, r-devel-linux-x86_64-debian-gcc, r-devel-linux-x86_64-fedora-clang, r-devel-linux-x86_64-fedora-gcc, r-devel-macos-arm64, r-devel-macos-x86_64, r-devel-windows-x86_64, r-patched-linux-x86_64, r-release-linux-x86_64, r-release-macos-arm64, r-release-macos-x86_64, r-release-windows-x86_64
Version: 1.0.3
Check: LazyData
Result: NOTE
'LazyData' is specified without a 'data' directory
Flavors: r-patched-linux-x86_64, r-release-linux-x86_64, r-release-macos-arm64, r-release-macos-x86_64, r-release-windows-x86_64, r-oldrel-macos-arm64, r-oldrel-macos-x86_64, r-oldrel-windows-x86_64