Last updated on 2025-05-08 02:50:53 CEST.
Flavor | Version | Tinstall | Tcheck | Ttotal | Status | Flags |
---|---|---|---|---|---|---|
r-devel-linux-x86_64-debian-clang | 0.4.0 | 50.75 | 346.06 | 396.81 | OK | |
r-devel-linux-x86_64-debian-gcc | 0.4.0 | 33.60 | 251.98 | 285.58 | OK | |
r-devel-linux-x86_64-fedora-clang | 0.4.0 | 661.89 | OK | |||
r-devel-linux-x86_64-fedora-gcc | 0.4.0 | 675.69 | OK | |||
r-devel-windows-x86_64 | 0.4.0 | 54.00 | 355.00 | 409.00 | OK | |
r-patched-linux-x86_64 | 0.4.0 | 45.12 | 337.56 | 382.68 | OK | |
r-release-linux-x86_64 | 0.4.0 | 45.27 | 336.09 | 381.36 | OK | |
r-release-macos-arm64 | 0.4.0 | 328.00 | OK | |||
r-release-macos-x86_64 | 0.4.0 | 339.00 | OK | |||
r-release-windows-x86_64 | 0.4.0 | 60.00 | 359.00 | 419.00 | OK | |
r-oldrel-macos-arm64 | 0.4.0 | 242.00 | NOTE | |||
r-oldrel-macos-x86_64 | 0.4.0 | 292.00 | NOTE | |||
r-oldrel-windows-x86_64 | 0.4.0 | 68.00 | 457.00 | 525.00 | OK |
Version: 0.4.0
Check: installed package size
Result: NOTE
installed size is 5.3Mb
sub-directories of 1Mb or more:
doc 1.6Mb
libs 2.9Mb
Flavors: r-oldrel-macos-arm64, r-oldrel-macos-x86_64