Last updated on 2025-02-20 14:50:49 CET.
Flavor | Version | Tinstall | Tcheck | Ttotal | Status | Flags |
---|---|---|---|---|---|---|
r-devel-linux-x86_64-debian-clang | 0.2.0 | 1.65 | 18.14 | 19.79 | OK | |
r-devel-linux-x86_64-debian-gcc | 0.2.0 | 1.28 | 14.65 | 15.93 | OK | |
r-devel-linux-x86_64-fedora-clang | 0.2.0 | 31.80 | OK | |||
r-devel-linux-x86_64-fedora-gcc | 0.2.0 | 29.62 | OK | |||
r-devel-macos-arm64 | 0.2.0 | 16.00 | OK | |||
r-devel-macos-x86_64 | 0.2.0 | 38.00 | OK | |||
r-devel-windows-x86_64 | 0.2.0 | 2.00 | 46.00 | 48.00 | OK | |
r-patched-linux-x86_64 | 0.2.0 | 1.73 | 17.10 | 18.83 | OK | |
r-release-linux-x86_64 | 0.2.0 | 1.61 | 17.25 | 18.86 | OK | |
r-release-macos-arm64 | 0.2.0 | 15.00 | OK | |||
r-release-macos-x86_64 | 0.2.0 | 25.00 | OK | |||
r-release-windows-x86_64 | 0.2.0 | 2.00 | 3.00 | 5.00 | FAIL | |
r-oldrel-macos-arm64 | 0.2.0 | 16.00 | OK | |||
r-oldrel-macos-x86_64 | 0.2.0 | 20.00 | OK | |||
r-oldrel-windows-x86_64 | 0.2.0 | 3.00 | 49.00 | 52.00 | OK |
Version: 0.2.0
Check: package dependencies
Result: FAIL
Flavor: r-release-windows-x86_64