CRAN Package Check Results for Package cragg

Last updated on 2025-02-21 02:52:08 CET.

Flavor Version Tinstall Tcheck Ttotal Status Flags
r-devel-linux-x86_64-debian-clang 0.0.1 1.38 28.55 29.93 OK
r-devel-linux-x86_64-debian-gcc 0.0.1 1.28 22.53 23.81 OK
r-devel-linux-x86_64-fedora-clang 0.0.1 49.69 OK
r-devel-linux-x86_64-fedora-gcc 0.0.1 61.02 OK
r-devel-macos-arm64 0.0.1 26.00 OK
r-devel-macos-x86_64 0.0.1 48.00 OK
r-devel-windows-x86_64 0.0.1 3.00 49.00 52.00 OK
r-patched-linux-x86_64 0.0.1 1.78 27.59 29.37 NOTE
r-release-linux-x86_64 0.0.1 1.10 27.30 28.40 NOTE
r-release-macos-arm64 0.0.1 28.00 NOTE
r-release-macos-x86_64 0.0.1 36.00 NOTE
r-release-windows-x86_64 0.0.1 3.00 51.00 54.00 NOTE
r-oldrel-macos-arm64 0.0.1 27.00 NOTE
r-oldrel-macos-x86_64 0.0.1 35.00 NOTE
r-oldrel-windows-x86_64 0.0.1 3.00 48.00 51.00 NOTE

Check Details

Version: 0.0.1
Check: LazyData
Result: NOTE 'LazyData' is specified without a 'data' directory Flavors: r-patched-linux-x86_64, r-release-linux-x86_64, r-release-macos-arm64, r-release-macos-x86_64, r-release-windows-x86_64, r-oldrel-macos-arm64, r-oldrel-macos-x86_64, r-oldrel-windows-x86_64