Last updated on 2025-02-21 02:52:08 CET.
Flavor | Version | Tinstall | Tcheck | Ttotal | Status | Flags |
---|---|---|---|---|---|---|
r-devel-linux-x86_64-debian-clang | 2.3.0 | 96.31 | 52.71 | 149.02 | NOTE | |
r-devel-linux-x86_64-debian-gcc | 2.3.0 | 68.49 | 36.44 | 104.93 | NOTE | |
r-devel-linux-x86_64-fedora-clang | 2.3.0 | 283.05 | NOTE | |||
r-devel-linux-x86_64-fedora-gcc | 2.3.0 | 264.59 | NOTE | |||
r-devel-macos-arm64 | 2.3.0 | 60.00 | NOTE | |||
r-devel-macos-x86_64 | 2.3.0 | 104.00 | NOTE | |||
r-devel-windows-x86_64 | 2.3.0 | 100.00 | 88.00 | 188.00 | NOTE | --no-vignettes |
r-patched-linux-x86_64 | 2.3.0 | 97.50 | 49.22 | 146.72 | NOTE | |
r-release-linux-x86_64 | 2.3.0 | 97.43 | 48.26 | 145.69 | NOTE | |
r-release-macos-arm64 | 2.3.0 | 64.00 | NOTE | |||
r-release-macos-x86_64 | 2.3.0 | 71.00 | NOTE | |||
r-release-windows-x86_64 | 2.3.0 | 103.00 | 88.00 | 191.00 | NOTE | --no-vignettes |
r-oldrel-macos-arm64 | 2.3.0 | 77.00 | NOTE | |||
r-oldrel-macos-x86_64 | 2.3.0 | 125.00 | NOTE | |||
r-oldrel-windows-x86_64 | 2.3.0 | 123.00 | 127.00 | 250.00 | OK | --no-vignettes |
Version: 2.3.0
Check: Rd files
Result: NOTE
checkRd: (-1) crwPredict.Rd:54-68: Lost braces
54 | \item("predTime"){
| ^
checkRd: (-1) crwPredict.Rd:59: Lost braces
59 | no longer the default (see \item{return.type}). If the original data were
| ^
Flavors: r-devel-linux-x86_64-debian-clang, r-devel-linux-x86_64-debian-gcc, r-devel-linux-x86_64-fedora-clang, r-devel-linux-x86_64-fedora-gcc, r-devel-macos-arm64, r-devel-macos-x86_64, r-patched-linux-x86_64, r-release-linux-x86_64, r-release-macos-arm64, r-release-macos-x86_64
Version: 2.3.0
Flags: --no-vignettes
Check: Rd files
Result: NOTE
checkRd: (-1) crwPredict.Rd:54-68: Lost braces
54 | \item("predTime"){
| ^
checkRd: (-1) crwPredict.Rd:59: Lost braces
59 | no longer the default (see \item{return.type}). If the original data were
| ^
Flavors: r-devel-windows-x86_64, r-release-windows-x86_64
Version: 2.3.0
Check: installed package size
Result: NOTE
installed size is 6.0Mb
sub-directories of 1Mb or more:
libs 5.2Mb
Flavors: r-release-macos-arm64, r-release-macos-x86_64, r-oldrel-macos-arm64, r-oldrel-macos-x86_64