Last updated on 2025-02-20 14:50:49 CET.
Flavor | Version | Tinstall | Tcheck | Ttotal | Status | Flags |
---|---|---|---|---|---|---|
r-devel-linux-x86_64-debian-clang | 0.6.2 | 24.82 | 97.03 | 121.85 | OK | |
r-devel-linux-x86_64-debian-gcc | 0.6.2 | 19.63 | 69.54 | 89.17 | OK | |
r-devel-linux-x86_64-fedora-clang | 0.6.2 | 189.59 | OK | |||
r-devel-linux-x86_64-fedora-gcc | 0.6.2 | 196.59 | OK | |||
r-devel-macos-arm64 | 0.6.2 | 64.00 | OK | |||
r-devel-macos-x86_64 | 0.6.2 | 115.00 | OK | |||
r-devel-windows-x86_64 | 0.6.2 | 52.00 | 141.00 | 193.00 | OK | |
r-patched-linux-x86_64 | 0.6.2 | 23.61 | 91.40 | 115.01 | OK | |
r-release-linux-x86_64 | 0.6.2 | 25.11 | 90.40 | 115.51 | OK | |
r-release-macos-arm64 | 0.6.2 | 66.00 | OK | |||
r-release-macos-x86_64 | 0.6.2 | 123.00 | OK | |||
r-release-windows-x86_64 | 0.6.2 | 54.00 | 3.00 | 57.00 | FAIL | |
r-oldrel-macos-arm64 | 0.6.2 | 66.00 | OK | |||
r-oldrel-macos-x86_64 | 0.6.2 | 120.00 | OK | |||
r-oldrel-windows-x86_64 | 0.6.2 | 61.00 | 146.00 | 207.00 | OK |
Version: 0.6.2
Check: package dependencies
Result: FAIL
Flavor: r-release-windows-x86_64